{"id":1044,"date":"2024-10-07T21:32:37","date_gmt":"2024-10-07T21:32:37","guid":{"rendered":"https:\/\/antoniofontoura.com.br\/site\/?page_id=1044"},"modified":"2024-10-31T17:26:15","modified_gmt":"2024-10-31T17:26:15","slug":"a-topografia-lendaria-dos-evangelhos","status":"publish","type":"page","link":"https:\/\/antoniofontoura.com.br\/site\/principais-obras\/a-topografia-lendaria-dos-evangelhos\/","title":{"rendered":"A Topografia Lend\u00e1ria dos Evangelhos"},"content":{"rendered":"\n<h2 class=\"wp-block-heading\">de Maurice Halbwachs<\/h2>\n\n\n<div class=\"wp-block-image\">\n<figure class=\"aligncenter size-full\"><img decoding=\"async\" loading=\"lazy\" width=\"231\" height=\"328\" src=\"https:\/\/antoniofontoura.com.br\/site\/wp-content\/uploads\/2024\/10\/capinha_topografia-lendaria.jpg\" alt=\"\" class=\"wp-image-1045\" srcset=\"https:\/\/antoniofontoura.com.br\/site\/wp-content\/uploads\/2024\/10\/capinha_topografia-lendaria.jpg 231w, https:\/\/antoniofontoura.com.br\/site\/wp-content\/uploads\/2024\/10\/capinha_topografia-lendaria-211x300.jpg 211w, https:\/\/antoniofontoura.com.br\/site\/wp-content\/uploads\/2024\/10\/capinha_topografia-lendaria-106x150.jpg 106w\" sizes=\"(max-width: 231px) 100vw, 231px\" \/><figcaption class=\"wp-element-caption\"> <\/figcaption><\/figure><\/div>\n\n\n<div class=\"wp-block-columns is-layout-flex wp-container-3\">\n<div class=\"wp-block-column is-layout-flow\"><div class=\"wp-block-image\">\n<figure class=\"aligncenter size-full\"><a href=\"https:\/\/clubedeautores.com.br\/livro\/a-topografia-lendaria-dos-evangelhos-na-terra-santa\"><img decoding=\"async\" loading=\"lazy\" width=\"74\" height=\"28\" src=\"https:\/\/antoniofontoura.com.br\/site\/wp-content\/uploads\/2022\/10\/clube_autores_pq.jpg\" alt=\"\" class=\"wp-image-534\"\/><\/a><figcaption class=\"wp-element-caption\">Livro Impresso<\/figcaption><\/figure><\/div><\/div>\n\n\n\n<div class=\"wp-block-column is-layout-flow\"><div class=\"wp-block-image\">\n<figure class=\"aligncenter size-full\"><a href=\"https:\/\/www.amazon.com.br\/dp\/B0D9YP3YFN\"><img decoding=\"async\" loading=\"lazy\" width=\"68\" height=\"25\" src=\"https:\/\/antoniofontoura.com.br\/site\/wp-content\/uploads\/2021\/11\/testeamz.jpg\" alt=\"\" class=\"wp-image-467\"\/><\/a><figcaption class=\"wp-element-caption\">Ebook<\/figcaption><\/figure><\/div><\/div>\n<\/div>\n\n\n\n<hr class=\"wp-block-separator has-alpha-channel-opacity\"\/>\n\n\n\n<p><a href=\"http:\/\/antoniofontoura.com.br\/site\/category\/halbwachs\">Conhe\u00e7a nossos post sobre &#8220;Maurice Halbwachs&#8221;.<\/a><\/p>\n\n\n\n<p>Maurice Halbwachs, um dos maiores soci\u00f3logos do s\u00e9culo XX, explora em sua obra fundamental &#8220;A topografia lend\u00e1ria dos Evangelhos na Terra Santa&#8221; a complexa intersec\u00e7\u00e3o entre mem\u00f3ria coletiva e geografia sagrada. Com uma abordagem inovadora e uma an\u00e1lise meticulosa, Halbwachs investiga como as tradi\u00e7\u00f5es religiosas e os textos evang\u00e9licos moldaram a percep\u00e7\u00e3o e a narrativa dos lugares santos na Terra Santa.<\/p>\n\n\n\n<p>Atrav\u00e9s de uma investiga\u00e7\u00e3o profunda e detalhada, o autor revela como comunidades ao longo dos s\u00e9culos constru\u00edram, reconstru\u00edram e adaptaram suas mem\u00f3rias em torno de locais b\u00edblicos, criando uma topografia lend\u00e1ria que vai al\u00e9m das simples coordenadas geogr\u00e1ficas. Este estudo ilumina a maneira pela qual a mem\u00f3ria coletiva influencia e \u00e9 influenciada pelo espa\u00e7o f\u00edsico, proporcionando uma nova compreens\u00e3o da rela\u00e7\u00e3o entre cren\u00e7a, hist\u00f3ria e territ\u00f3rio.<\/p>\n\n\n\n<p>Para estudiosos de sociologia, teologia, hist\u00f3ria e geografia, esta obra \u00e9 um recurso indispens\u00e1vel que oferece ideias valiosas sobre a forma\u00e7\u00e3o e a perpetua\u00e7\u00e3o das tradi\u00e7\u00f5es religiosas. &#8220;A topografia lend\u00e1ria dos Evangelhos na Terra Santa&#8221; \u00e9 um convite para redescobrir a Terra Santa atrav\u00e9s das lentes da mem\u00f3ria coletiva, desvendando as camadas de significado que comp\u00f5em um dos mais importantes centros de f\u00e9 do mundo.<\/p>\n\n\n\n<figure class=\"wp-block-embed is-type-rich is-provider-amazon wp-block-embed-amazon\"><div class=\"wp-block-embed__wrapper\">\n<iframe loading=\"lazy\" title=\"A topografia lend\u00e1ria dos Evangelhos na Terra Santa: Estudo de mem\u00f3ria coletiva (Mem\u00f3ria e Sociedade: Maurice Halbwachs)\" type=\"text\/html\" width=\"900\" height=\"550\" frameborder=\"0\" allowfullscreen style=\"max-width:100%\" src=\"https:\/\/ler.amazon.com.br\/kp\/card?preview=inline&#038;linkCode=kpd&#038;ref_=k4w_oembed_LsDk0o8NIviVWd&#038;asin=B0D9YP3YFN&#038;tag=kpembed-20\"><\/iframe>\n<\/div><\/figure>\n\n\n\n<hr class=\"wp-block-separator has-alpha-channel-opacity\"\/>\n\n\n\n<p>ISBN 9786501100623<br>N\u00famero de p\u00e1ginas: 191<br>Edi\u00e7\u00e3o: 1 (2024)<br>Formato: A5 (148&#215;210)<br>Acabamento: Brochura c\/ orelha<br>Colora\u00e7\u00e3o: Preto e branco<br>Tipo de papel: Offset 75g<br>Idioma: Portugu\u00eas<\/p>\n","protected":false},"excerpt":{"rendered":"<p>de Maurice Halbwachs Conhe\u00e7a nossos post sobre &#8220;Maurice Halbwachs&#8221;. Maurice Halbwachs, um dos maiores soci\u00f3logos do s\u00e9culo XX, explora em sua obra fundamental &#8220;A topografia lend\u00e1ria dos Evangelhos na Terra Santa&#8221; a complexa intersec\u00e7\u00e3o entre mem\u00f3ria coletiva e geografia sagrada. Com uma abordagem inovadora e uma an\u00e1lise meticulosa, Halbwachs investiga\u2026<\/p>\n<p class=\"continue-reading-button\"> <a class=\"continue-reading-link\" href=\"https:\/\/antoniofontoura.com.br\/site\/principais-obras\/a-topografia-lendaria-dos-evangelhos\/\">Leia mais<i class=\"crycon-right-dir\"><\/i><\/a><\/p>\n","protected":false},"author":1,"featured_media":0,"parent":42,"menu_order":0,"comment_status":"closed","ping_status":"closed","template":"","meta":[],"_links":{"self":[{"href":"https:\/\/antoniofontoura.com.br\/site\/wp-json\/wp\/v2\/pages\/1044"}],"collection":[{"href":"https:\/\/antoniofontoura.com.br\/site\/wp-json\/wp\/v2\/pages"}],"about":[{"href":"https:\/\/antoniofontoura.com.br\/site\/wp-json\/wp\/v2\/types\/page"}],"author":[{"embeddable":true,"href":"https:\/\/antoniofontoura.com.br\/site\/wp-json\/wp\/v2\/users\/1"}],"replies":[{"embeddable":true,"href":"https:\/\/antoniofontoura.com.br\/site\/wp-json\/wp\/v2\/comments?post=1044"}],"version-history":[{"count":3,"href":"https:\/\/antoniofontoura.com.br\/site\/wp-json\/wp\/v2\/pages\/1044\/revisions"}],"predecessor-version":[{"id":1100,"href":"https:\/\/antoniofontoura.com.br\/site\/wp-json\/wp\/v2\/pages\/1044\/revisions\/1100"}],"up":[{"embeddable":true,"href":"https:\/\/antoniofontoura.com.br\/site\/wp-json\/wp\/v2\/pages\/42"}],"wp:attachment":[{"href":"https:\/\/antoniofontoura.com.br\/site\/wp-json\/wp\/v2\/media?parent=1044"}],"curies":[{"name":"wp","href":"https:\/\/api.w.org\/{rel}","templated":true}]}}