{"id":1150,"date":"2024-12-18T17:51:42","date_gmt":"2024-12-18T17:51:42","guid":{"rendered":"https:\/\/antoniofontoura.com.br\/site\/?page_id=1150"},"modified":"2024-12-18T17:51:42","modified_gmt":"2024-12-18T17:51:42","slug":"dialogos-piticos","status":"publish","type":"page","link":"https:\/\/antoniofontoura.com.br\/site\/principais-obras\/dialogos-piticos\/","title":{"rendered":"Di\u00e1logos P\u00edticos"},"content":{"rendered":"\n<h2 class=\"wp-block-heading\">de Plutarco<\/h2>\n\n\n<div class=\"wp-block-image\">\n<figure class=\"aligncenter size-full\"><img decoding=\"async\" loading=\"lazy\" width=\"231\" height=\"328\" src=\"https:\/\/antoniofontoura.com.br\/site\/wp-content\/uploads\/2024\/12\/capinha_plutarco.jpg\" alt=\"\" class=\"wp-image-1151\" srcset=\"https:\/\/antoniofontoura.com.br\/site\/wp-content\/uploads\/2024\/12\/capinha_plutarco.jpg 231w, https:\/\/antoniofontoura.com.br\/site\/wp-content\/uploads\/2024\/12\/capinha_plutarco-211x300.jpg 211w, https:\/\/antoniofontoura.com.br\/site\/wp-content\/uploads\/2024\/12\/capinha_plutarco-106x150.jpg 106w\" sizes=\"(max-width: 231px) 100vw, 231px\" \/><figcaption class=\"wp-element-caption\"> <\/figcaption><\/figure><\/div>\n\n\n<div class=\"wp-block-columns is-layout-flex wp-container-3\">\n<div class=\"wp-block-column is-layout-flow\"><div class=\"wp-block-image\">\n<figure class=\"aligncenter size-full\"><a href=\"https:\/\/clubedeautores.com.br\/livro\/dialogos-piticos\"><img decoding=\"async\" loading=\"lazy\" width=\"74\" height=\"28\" src=\"https:\/\/antoniofontoura.com.br\/site\/wp-content\/uploads\/2022\/10\/clube_autores_pq.jpg\" alt=\"\" class=\"wp-image-534\"\/><\/a><figcaption class=\"wp-element-caption\">Livro Impresso<\/figcaption><\/figure><\/div><\/div>\n\n\n\n<div class=\"wp-block-column is-layout-flow\"><div class=\"wp-block-image\">\n<figure class=\"aligncenter size-full\"><a href=\"https:\/\/www.amazon.com.br\/dp\/B0DPN6ZN2T\"><img decoding=\"async\" loading=\"lazy\" width=\"68\" height=\"25\" src=\"https:\/\/antoniofontoura.com.br\/site\/wp-content\/uploads\/2021\/11\/testeamz.jpg\" alt=\"\" class=\"wp-image-467\"\/><\/a><figcaption class=\"wp-element-caption\">Ebook<\/figcaption><\/figure><\/div><\/div>\n<\/div>\n\n\n\n<hr class=\"wp-block-separator has-alpha-channel-opacity\"\/>\n\n\n\n<p>Plutarco, um dos mais c\u00e9lebres fil\u00f3sofos e escritores da Antiguidade, nos presenteia com os Di\u00e1logos P\u00edticos, uma colet\u00e2nea de tr\u00eas tratados que exploram temas profundos e intrigantes relacionados aos or\u00e1culos de Delfos, centro espiritual da Gr\u00e9cia Antiga.<\/p>\n\n\n\n<p>Neste volume:<\/p>\n\n\n\n<p>&#8220;Sobre o &#8216;E&#8217; em Delfos&#8221;: Uma investiga\u00e7\u00e3o erudita sobre o significado da misteriosa letra &#8216;E&#8217; inscrita no templo de Apolo em Delfos, revelando as m\u00faltiplas interpreta\u00e7\u00f5es filos\u00f3ficas e religiosas que ela suscitava entre os antigos.<\/p>\n\n\n\n<p>&#8220;Por que a P\u00edtia n\u00e3o apresenta seus or\u00e1culos em versos&#8221;: Um di\u00e1logo que discute a mudan\u00e7a na forma de apresenta\u00e7\u00e3o dos or\u00e1culos, passando dos tradicionais versos para a prosa, refletindo sobre as implica\u00e7\u00f5es dessa transforma\u00e7\u00e3o na credibilidade e na recep\u00e7\u00e3o das profecias.<\/p>\n\n\n\n<p>&#8220;Sobre o fim dos Or\u00e1culos&#8221;: Uma an\u00e1lise profunda das raz\u00f5es pelas quais os or\u00e1culos de Delfos perderam sua influ\u00eancia e prest\u00edgio, abordando aspectos hist\u00f3ricos, culturais e espirituais que contribu\u00edram para o decl\u00ednio dessa vener\u00e1vel institui\u00e7\u00e3o.<\/p>\n\n\n\n<p>Com sua clareza intelectual e riqueza de detalhes, Plutarco nos transporta para o cora\u00e7\u00e3o da Gr\u00e9cia Antiga, oferecendo uma compreens\u00e3o \u00fanica dos mist\u00e9rios e pr\u00e1ticas religiosas de uma das civiliza\u00e7\u00f5es mais fascinantes da hist\u00f3ria. Di\u00e1logos P\u00edticos \u00e9 uma leitura indispens\u00e1vel para estudiosos e entusiastas da filosofia, hist\u00f3ria e religi\u00e3o cl\u00e1ssica.<\/p>\n\n\n\n<figure class=\"wp-block-embed is-type-rich is-provider-amazon wp-block-embed-amazon\"><div class=\"wp-block-embed__wrapper\">\n<iframe loading=\"lazy\" title=\"Di\u00e1logos P\u00edticos\" type=\"text\/html\" width=\"900\" height=\"550\" frameborder=\"0\" allowfullscreen style=\"max-width:100%\" src=\"https:\/\/ler.amazon.com.br\/kp\/card?preview=inline&#038;linkCode=kpd&#038;ref_=k4w_oembed_xgNixoURqlkn2F&#038;asin=B0DPN6ZN2T&#038;tag=kpembed-20\"><\/iframe>\n<\/div><\/figure>\n\n\n\n<hr class=\"wp-block-separator has-alpha-channel-opacity\"\/>\n\n\n\n<p>ISBN 978-65-01-27490-4<br>N\u00famero de p\u00e1ginas: 132<br>Edi\u00e7\u00e3o: 1 (2024)<br>Formato: A5 (148&#215;210)<br>Acabamento: Brochura c\/ orelha<br>Colora\u00e7\u00e3o: Preto e branco<br>Tipo de papel: Offset 75g<br>Idioma: Portugu\u00eas<\/p>\n","protected":false},"excerpt":{"rendered":"<p>de Plutarco Plutarco, um dos mais c\u00e9lebres fil\u00f3sofos e escritores da Antiguidade, nos presenteia com os Di\u00e1logos P\u00edticos, uma colet\u00e2nea de tr\u00eas tratados que exploram temas profundos e intrigantes relacionados aos or\u00e1culos de Delfos, centro espiritual da Gr\u00e9cia Antiga. Neste volume: &#8220;Sobre o &#8216;E&#8217; em Delfos&#8221;: Uma investiga\u00e7\u00e3o erudita sobre\u2026<\/p>\n<p class=\"continue-reading-button\"> <a class=\"continue-reading-link\" href=\"https:\/\/antoniofontoura.com.br\/site\/principais-obras\/dialogos-piticos\/\">Leia mais<i class=\"crycon-right-dir\"><\/i><\/a><\/p>\n","protected":false},"author":1,"featured_media":0,"parent":42,"menu_order":0,"comment_status":"closed","ping_status":"closed","template":"","meta":[],"_links":{"self":[{"href":"https:\/\/antoniofontoura.com.br\/site\/wp-json\/wp\/v2\/pages\/1150"}],"collection":[{"href":"https:\/\/antoniofontoura.com.br\/site\/wp-json\/wp\/v2\/pages"}],"about":[{"href":"https:\/\/antoniofontoura.com.br\/site\/wp-json\/wp\/v2\/types\/page"}],"author":[{"embeddable":true,"href":"https:\/\/antoniofontoura.com.br\/site\/wp-json\/wp\/v2\/users\/1"}],"replies":[{"embeddable":true,"href":"https:\/\/antoniofontoura.com.br\/site\/wp-json\/wp\/v2\/comments?post=1150"}],"version-history":[{"count":1,"href":"https:\/\/antoniofontoura.com.br\/site\/wp-json\/wp\/v2\/pages\/1150\/revisions"}],"predecessor-version":[{"id":1152,"href":"https:\/\/antoniofontoura.com.br\/site\/wp-json\/wp\/v2\/pages\/1150\/revisions\/1152"}],"up":[{"embeddable":true,"href":"https:\/\/antoniofontoura.com.br\/site\/wp-json\/wp\/v2\/pages\/42"}],"wp:attachment":[{"href":"https:\/\/antoniofontoura.com.br\/site\/wp-json\/wp\/v2\/media?parent=1150"}],"curies":[{"name":"wp","href":"https:\/\/api.w.org\/{rel}","templated":true}]}}