{"id":1161,"date":"2025-02-08T23:21:01","date_gmt":"2025-02-08T23:21:01","guid":{"rendered":"https:\/\/antoniofontoura.com.br\/site\/?page_id=1161"},"modified":"2025-03-03T23:14:52","modified_gmt":"2025-03-03T23:14:52","slug":"antropologia-filosofica","status":"publish","type":"page","link":"https:\/\/antoniofontoura.com.br\/site\/principais-obras\/antropologia-filosofica\/","title":{"rendered":"Antropologia Filos\u00f3fica"},"content":{"rendered":"\n<h2 class=\"wp-block-heading\">de Ernst Cassirer<\/h2>\n\n\n<div class=\"wp-block-image\">\n<figure class=\"aligncenter size-full\"><img decoding=\"async\" loading=\"lazy\" width=\"231\" height=\"328\" src=\"https:\/\/antoniofontoura.com.br\/site\/wp-content\/uploads\/2025\/02\/capinha_cassirer.jpg\" alt=\"\" class=\"wp-image-1162\" srcset=\"https:\/\/antoniofontoura.com.br\/site\/wp-content\/uploads\/2025\/02\/capinha_cassirer.jpg 231w, https:\/\/antoniofontoura.com.br\/site\/wp-content\/uploads\/2025\/02\/capinha_cassirer-211x300.jpg 211w, https:\/\/antoniofontoura.com.br\/site\/wp-content\/uploads\/2025\/02\/capinha_cassirer-106x150.jpg 106w\" sizes=\"(max-width: 231px) 100vw, 231px\" \/><figcaption class=\"wp-element-caption\"> <\/figcaption><\/figure><\/div>\n\n\n<div class=\"wp-block-columns is-layout-flex wp-container-3\">\n<div class=\"wp-block-column is-layout-flow\"><div class=\"wp-block-image\">\n<figure class=\"aligncenter size-full\"><a href=\"https:\/\/clubedeautores.com.br\/livro\/antropologia-filosofica\"><img decoding=\"async\" loading=\"lazy\" width=\"74\" height=\"28\" src=\"https:\/\/antoniofontoura.com.br\/site\/wp-content\/uploads\/2022\/10\/clube_autores_pq.jpg\" alt=\"\" class=\"wp-image-534\"\/><\/a><figcaption class=\"wp-element-caption\">Livro Impresso<\/figcaption><\/figure><\/div><\/div>\n\n\n\n<div class=\"wp-block-column is-layout-flow\"><div class=\"wp-block-image\">\n<figure class=\"aligncenter size-full\"><a href=\"https:\/\/www.amazon.com.br\/dp\/B0DS9Q5R8S\"><img decoding=\"async\" loading=\"lazy\" width=\"68\" height=\"25\" src=\"https:\/\/antoniofontoura.com.br\/site\/wp-content\/uploads\/2021\/11\/testeamz.jpg\" alt=\"\" class=\"wp-image-467\"\/><\/a><figcaption class=\"wp-element-caption\">Ebook<\/figcaption><\/figure><\/div><\/div>\n<\/div>\n\n\n\n<hr class=\"wp-block-separator has-alpha-channel-opacity\"\/>\n\n\n\n<p><a href=\"http:\/\/antoniofontoura.com.br\/site\/category\/cassirer\">Conhe\u00e7a nossos post sobre &#8220;Ernst Cassirer&#8221;.<\/a><\/p>\n\n\n\n<p>Antropologia Filos\u00f3fica: Introdu\u00e7\u00e3o a uma Filosofia da Cultura \u00e9 uma das obras mais significativas de Ernst Cassirer, fil\u00f3sofo alem\u00e3o que se destacou como um dos grandes pensadores do s\u00e9culo XX.<\/p>\n\n\n\n<p>Nesta obra, Cassirer investiga as bases filos\u00f3ficas da cultura humana, explorando como os sistemas simb\u00f3licos \u2013 linguagem, arte, mito, religi\u00e3o e ci\u00eancia \u2013 moldam a experi\u00eancia humana e nos diferenciam de outras formas de vida. Sua abordagem profunda e interdisciplinar oferece ao leitor uma vis\u00e3o \u00fanica sobre o que significa ser humano e como constru\u00edmos e interpretamos o mundo ao nosso redor.<\/p>\n\n\n\n<p>A tradu\u00e7\u00e3o para o portugu\u00eas preserva a precis\u00e3o conceitual e a eleg\u00e2ncia do texto original, tornando esta obra acess\u00edvel ao p\u00fablico brasileiro.<\/p>\n\n\n\n<p>Um livro indispens\u00e1vel para estudantes e pesquisadores de filosofia, antropologia, ci\u00eancias sociais e todos os que se interessam pelas quest\u00f5es fundamentais da cultura e da humanidade.<\/p>\n\n\n\n<p>Ernst Cassirer (1874\u20131945) foi um fil\u00f3sofo alem\u00e3o conhecido por sua filosofia das formas simb\u00f3licas. Sua obra contribuiu significativamente para a compreens\u00e3o da cultura e do pensamento humano, influenciando gera\u00e7\u00f5es de estudiosos.<\/p>\n\n\n\n<figure class=\"wp-block-embed is-type-rich is-provider-amazon wp-block-embed-amazon\"><div class=\"wp-block-embed__wrapper\">\n<iframe loading=\"lazy\" title=\"Antropologia Filos\u00f3fica: Introdu\u00e7\u00e3o a uma Filosofia da Cultura\" type=\"text\/html\" width=\"900\" height=\"550\" frameborder=\"0\" allowfullscreen style=\"max-width:100%\" src=\"https:\/\/ler.amazon.com.br\/kp\/card?preview=inline&#038;linkCode=kpd&#038;ref_=k4w_oembed_poP5gjNwcvhiKw&#038;asin=B0DS9Q5R8S&#038;tag=kpembed-20\"><\/iframe>\n<\/div><\/figure>\n\n\n\n<hr class=\"wp-block-separator has-alpha-channel-opacity\"\/>\n\n\n\n<p>ISBN 9786501091860<br>N\u00famero de p\u00e1ginas: 280<br>Edi\u00e7\u00e3o: 1 (2025)<br>Formato: A5 (148&#215;210)<br>Acabamento: Brochura c\/ orelha<br>Colora\u00e7\u00e3o: Preto e branco<br>Tipo de papel: Offset 75g<br>Idioma: Portugu\u00eas<\/p>\n","protected":false},"excerpt":{"rendered":"<p>de Ernst Cassirer Conhe\u00e7a nossos post sobre &#8220;Ernst Cassirer&#8221;. Antropologia Filos\u00f3fica: Introdu\u00e7\u00e3o a uma Filosofia da Cultura \u00e9 uma das obras mais significativas de Ernst Cassirer, fil\u00f3sofo alem\u00e3o que se destacou como um dos grandes pensadores do s\u00e9culo XX. Nesta obra, Cassirer investiga as bases filos\u00f3ficas da cultura humana, explorando\u2026<\/p>\n<p class=\"continue-reading-button\"> <a class=\"continue-reading-link\" href=\"https:\/\/antoniofontoura.com.br\/site\/principais-obras\/antropologia-filosofica\/\">Leia mais<i class=\"crycon-right-dir\"><\/i><\/a><\/p>\n","protected":false},"author":1,"featured_media":0,"parent":42,"menu_order":0,"comment_status":"closed","ping_status":"closed","template":"","meta":[],"_links":{"self":[{"href":"https:\/\/antoniofontoura.com.br\/site\/wp-json\/wp\/v2\/pages\/1161"}],"collection":[{"href":"https:\/\/antoniofontoura.com.br\/site\/wp-json\/wp\/v2\/pages"}],"about":[{"href":"https:\/\/antoniofontoura.com.br\/site\/wp-json\/wp\/v2\/types\/page"}],"author":[{"embeddable":true,"href":"https:\/\/antoniofontoura.com.br\/site\/wp-json\/wp\/v2\/users\/1"}],"replies":[{"embeddable":true,"href":"https:\/\/antoniofontoura.com.br\/site\/wp-json\/wp\/v2\/comments?post=1161"}],"version-history":[{"count":1,"href":"https:\/\/antoniofontoura.com.br\/site\/wp-json\/wp\/v2\/pages\/1161\/revisions"}],"predecessor-version":[{"id":1163,"href":"https:\/\/antoniofontoura.com.br\/site\/wp-json\/wp\/v2\/pages\/1161\/revisions\/1163"}],"up":[{"embeddable":true,"href":"https:\/\/antoniofontoura.com.br\/site\/wp-json\/wp\/v2\/pages\/42"}],"wp:attachment":[{"href":"https:\/\/antoniofontoura.com.br\/site\/wp-json\/wp\/v2\/media?parent=1161"}],"curies":[{"name":"wp","href":"https:\/\/api.w.org\/{rel}","templated":true}]}}