{"id":1198,"date":"2025-04-08T17:24:53","date_gmt":"2025-04-08T17:24:53","guid":{"rendered":"https:\/\/antoniofontoura.com.br\/site\/?page_id=1198"},"modified":"2025-04-08T17:24:53","modified_gmt":"2025-04-08T17:24:53","slug":"homem-e-mundo-nos-seculos-xvi-e-xvii","status":"publish","type":"page","link":"https:\/\/antoniofontoura.com.br\/site\/principais-obras\/homem-e-mundo-nos-seculos-xvi-e-xvii\/","title":{"rendered":"Homem e Mundo nos S\u00e9culos XVI e XVII"},"content":{"rendered":"\n<h2 class=\"wp-block-heading\">de Wilhelm Dilthey<\/h2>\n\n\n<div class=\"wp-block-image\">\n<figure class=\"aligncenter size-full\"><img decoding=\"async\" loading=\"lazy\" width=\"231\" height=\"328\" src=\"https:\/\/antoniofontoura.com.br\/site\/wp-content\/uploads\/2025\/04\/capinha_dilthey_ii.jpg\" alt=\"\" class=\"wp-image-1199\" srcset=\"https:\/\/antoniofontoura.com.br\/site\/wp-content\/uploads\/2025\/04\/capinha_dilthey_ii.jpg 231w, https:\/\/antoniofontoura.com.br\/site\/wp-content\/uploads\/2025\/04\/capinha_dilthey_ii-211x300.jpg 211w, https:\/\/antoniofontoura.com.br\/site\/wp-content\/uploads\/2025\/04\/capinha_dilthey_ii-106x150.jpg 106w\" sizes=\"(max-width: 231px) 100vw, 231px\" \/><figcaption class=\"wp-element-caption\"> <\/figcaption><\/figure><\/div>\n\n\n<div class=\"wp-block-columns is-layout-flex wp-container-3\">\n<div class=\"wp-block-column is-layout-flow\"><div class=\"wp-block-image\">\n<figure class=\"aligncenter size-full\"><a href=\"https:\/\/clubedeautores.com.br\/livro\/homem-e-mundo-nos-seculos-xvi-e-xvii\"><img decoding=\"async\" loading=\"lazy\" width=\"74\" height=\"28\" src=\"https:\/\/antoniofontoura.com.br\/site\/wp-content\/uploads\/2022\/10\/clube_autores_pq.jpg\" alt=\"\" class=\"wp-image-534\"\/><\/a><figcaption class=\"wp-element-caption\">Livro Impresso<\/figcaption><\/figure><\/div><\/div>\n\n\n\n<div class=\"wp-block-column is-layout-flow\"><div class=\"wp-block-image\">\n<figure class=\"aligncenter size-full\"><a href=\"https:\/\/www.amazon.com.br\/dp\/B0F3QH49D5\"><img decoding=\"async\" loading=\"lazy\" width=\"68\" height=\"25\" src=\"https:\/\/antoniofontoura.com.br\/site\/wp-content\/uploads\/2021\/11\/testeamz.jpg\" alt=\"\" class=\"wp-image-467\"\/><\/a><figcaption class=\"wp-element-caption\">Ebook<\/figcaption><\/figure><\/div><\/div>\n<\/div>\n\n\n\n<hr class=\"wp-block-separator has-alpha-channel-opacity\"\/>\n\n\n\n<p><a href=\"http:\/\/antoniofontoura.com.br\/site\/category\/dilthey\">Conhe\u00e7a nossos post sobre &#8220;Wilhelm Dilthey&#8221;.<\/a><\/p>\n\n\n\n<p>Como a humanidade come\u00e7ou a se enxergar de outra maneira?<\/p>\n\n\n\n<p>Entre os s\u00e9culos XVI e XVII, o mundo ocidental passou por transforma\u00e7\u00f5es que redefiniram a maneira como o ser humano compreendia a si mesmo e a realidade ao seu redor. A Renascen\u00e7a trouxe uma redescoberta da Antiguidade e uma nova confian\u00e7a na raz\u00e3o e na experi\u00eancia. A Reforma Protestante desafiou estruturas religiosas e pol\u00edticas, enfatizando a interioridade e a autonomia do indiv\u00edduo. A Revolu\u00e7\u00e3o Cient\u00edfica alterou profundamente a vis\u00e3o de mundo, deslocando o homem de um cosmos est\u00e1vel para um universo em expans\u00e3o.<\/p>\n\n\n\n<p>Neste livro, Wilhelm Dilthey analisa essas mudan\u00e7as e mostra como as ideias, os valores e as formas de pensar daquele per\u00edodo lan\u00e7aram as bases da modernidade. Com sua abordagem hist\u00f3rico-filos\u00f3fica, ele revela o impacto desses eventos sobre a cultura, a ci\u00eancia e a concep\u00e7\u00e3o do ser humano.<\/p>\n\n\n\n<p>Um estudo fundamental para compreender o nascimento do pensamento moderno e a forma\u00e7\u00e3o da subjetividade que define nosso tempo.<\/p>\n\n\n\n<figure class=\"wp-block-embed is-type-rich is-provider-amazon wp-block-embed-amazon\"><div class=\"wp-block-embed__wrapper\">\n<iframe loading=\"lazy\" title=\"Homem e Mundo nos S\u00e9culos XVI e XVII\" type=\"text\/html\" width=\"900\" height=\"550\" frameborder=\"0\" allowfullscreen style=\"max-width:100%\" src=\"https:\/\/ler.amazon.com.br\/kp\/card?preview=inline&#038;linkCode=kpd&#038;ref_=k4w_oembed_NQL0mpntv4jCSM&#038;asin=B0F3QH49D5&#038;tag=kpembed-20\"><\/iframe>\n<\/div><\/figure>\n\n\n\n<hr class=\"wp-block-separator has-alpha-channel-opacity\"\/>\n\n\n\n<p>ISBN 9786501417189<br>N\u00famero de p\u00e1ginas 530<br>Edi\u00e7\u00e3o 1 (2025)<br>Formato A5 (148&#215;210)<br>Acabamento Brochura c\/ orelha<br>Colora\u00e7\u00e3o Preto e branco<br>Tipo de papel Offset 75g<br>Idioma Portugu\u00eas<\/p>\n","protected":false},"excerpt":{"rendered":"<p>de Wilhelm Dilthey Conhe\u00e7a nossos post sobre &#8220;Wilhelm Dilthey&#8221;. Como a humanidade come\u00e7ou a se enxergar de outra maneira? Entre os s\u00e9culos XVI e XVII, o mundo ocidental passou por transforma\u00e7\u00f5es que redefiniram a maneira como o ser humano compreendia a si mesmo e a realidade ao seu redor. A\u2026<\/p>\n<p class=\"continue-reading-button\"> <a class=\"continue-reading-link\" href=\"https:\/\/antoniofontoura.com.br\/site\/principais-obras\/homem-e-mundo-nos-seculos-xvi-e-xvii\/\">Leia mais<i class=\"crycon-right-dir\"><\/i><\/a><\/p>\n","protected":false},"author":1,"featured_media":0,"parent":42,"menu_order":0,"comment_status":"closed","ping_status":"closed","template":"","meta":[],"_links":{"self":[{"href":"https:\/\/antoniofontoura.com.br\/site\/wp-json\/wp\/v2\/pages\/1198"}],"collection":[{"href":"https:\/\/antoniofontoura.com.br\/site\/wp-json\/wp\/v2\/pages"}],"about":[{"href":"https:\/\/antoniofontoura.com.br\/site\/wp-json\/wp\/v2\/types\/page"}],"author":[{"embeddable":true,"href":"https:\/\/antoniofontoura.com.br\/site\/wp-json\/wp\/v2\/users\/1"}],"replies":[{"embeddable":true,"href":"https:\/\/antoniofontoura.com.br\/site\/wp-json\/wp\/v2\/comments?post=1198"}],"version-history":[{"count":1,"href":"https:\/\/antoniofontoura.com.br\/site\/wp-json\/wp\/v2\/pages\/1198\/revisions"}],"predecessor-version":[{"id":1200,"href":"https:\/\/antoniofontoura.com.br\/site\/wp-json\/wp\/v2\/pages\/1198\/revisions\/1200"}],"up":[{"embeddable":true,"href":"https:\/\/antoniofontoura.com.br\/site\/wp-json\/wp\/v2\/pages\/42"}],"wp:attachment":[{"href":"https:\/\/antoniofontoura.com.br\/site\/wp-json\/wp\/v2\/media?parent=1198"}],"curies":[{"name":"wp","href":"https:\/\/api.w.org\/{rel}","templated":true}]}}