{"id":1210,"date":"2025-06-04T20:33:04","date_gmt":"2025-06-04T20:33:04","guid":{"rendered":"https:\/\/antoniofontoura.com.br\/site\/?page_id=1210"},"modified":"2025-06-04T20:33:04","modified_gmt":"2025-06-04T20:33:04","slug":"hegel-e-o-idealismo","status":"publish","type":"page","link":"https:\/\/antoniofontoura.com.br\/site\/principais-obras\/hegel-e-o-idealismo\/","title":{"rendered":"Hegel e o Idealismo"},"content":{"rendered":"\n<h2 class=\"wp-block-heading\">de Wilhelm Dilthey<\/h2>\n\n\n<div class=\"wp-block-image\">\n<figure class=\"aligncenter size-full\"><img decoding=\"async\" loading=\"lazy\" width=\"231\" height=\"328\" src=\"https:\/\/antoniofontoura.com.br\/site\/wp-content\/uploads\/2025\/06\/capinha_hegel-e-o-idealismo.jpg\" alt=\"\" class=\"wp-image-1211\" srcset=\"https:\/\/antoniofontoura.com.br\/site\/wp-content\/uploads\/2025\/06\/capinha_hegel-e-o-idealismo.jpg 231w, https:\/\/antoniofontoura.com.br\/site\/wp-content\/uploads\/2025\/06\/capinha_hegel-e-o-idealismo-211x300.jpg 211w, https:\/\/antoniofontoura.com.br\/site\/wp-content\/uploads\/2025\/06\/capinha_hegel-e-o-idealismo-106x150.jpg 106w\" sizes=\"(max-width: 231px) 100vw, 231px\" \/><figcaption class=\"wp-element-caption\"> <\/figcaption><\/figure><\/div>\n\n\n<div class=\"wp-block-columns is-layout-flex wp-container-3\">\n<div class=\"wp-block-column is-layout-flow\"><div class=\"wp-block-image\">\n<figure class=\"aligncenter size-full\"><a href=\"https:\/\/clubedeautores.com.br\/livro\/hegel-e-o-idealismo\"><img decoding=\"async\" loading=\"lazy\" width=\"74\" height=\"28\" src=\"https:\/\/antoniofontoura.com.br\/site\/wp-content\/uploads\/2022\/10\/clube_autores_pq.jpg\" alt=\"\" class=\"wp-image-534\"\/><\/a><figcaption class=\"wp-element-caption\">Livro Impresso<\/figcaption><\/figure><\/div><\/div>\n\n\n\n<div class=\"wp-block-column is-layout-flow\"><div class=\"wp-block-image\">\n<figure class=\"aligncenter size-full\"><a href=\"https:\/\/www.amazon.com.br\/dp\/B0F9PYPLYG\"><img decoding=\"async\" loading=\"lazy\" width=\"68\" height=\"25\" src=\"https:\/\/antoniofontoura.com.br\/site\/wp-content\/uploads\/2021\/11\/testeamz.jpg\" alt=\"\" class=\"wp-image-467\"\/><\/a><figcaption class=\"wp-element-caption\">Ebook<\/figcaption><\/figure><\/div><\/div>\n<\/div>\n\n\n\n<hr class=\"wp-block-separator has-alpha-channel-opacity\"\/>\n\n\n\n<p><a href=\"http:\/\/antoniofontoura.com.br\/site\/category\/dilthey\">Conhe\u00e7a nossos post sobre &#8220;Wilhelm Dilthey&#8221;.<\/a><\/p>\n\n\n\n<p>O que \u00e9 compreender um fil\u00f3sofo? Wilhelm Dilthey acreditava que nenhuma filosofia nasce no v\u00e1cuo \u2014 ela \u00e9 sempre express\u00e3o de uma vida, de um tempo, de um mundo em movimento. Neste livro, ele aplica sua poderosa metodologia hist\u00f3rico-hermen\u00eautica para investigar o pensamento de Hegel e o contexto espiritual que o tornou poss\u00edvel.<\/p>\n\n\n\n<p>Publicado originalmente no fim do s\u00e9culo XIX, Hegel e o Idealismo \u00e9 mais do que uma an\u00e1lise de um autor: \u00e9 um esfor\u00e7o not\u00e1vel de compreender uma \u00e9poca inteira a partir de sua filosofia mais representativa. Dilthey resgata o solo hist\u00f3rico que nutriu o idealismo alem\u00e3o, destacando as for\u00e7as culturais, religiosas e pol\u00edticas que atravessam a obra hegeliana.<\/p>\n\n\n\n<p>Esta edi\u00e7\u00e3o oferece ao leitor de l\u00edngua portuguesa um cl\u00e1ssico do pensamento sobre Hegel \u2014 uma leitura essencial para quem deseja pensar a filosofia como parte viva da hist\u00f3ria.<\/p>\n\n\n\n<figure class=\"wp-block-embed is-type-rich is-provider-amazon wp-block-embed-amazon\"><div class=\"wp-block-embed__wrapper\">\n<iframe loading=\"lazy\" title=\"Hegel e o Idealismo\" type=\"text\/html\" width=\"900\" height=\"550\" frameborder=\"0\" allowfullscreen style=\"max-width:100%\" src=\"https:\/\/ler.amazon.com.br\/kp\/card?preview=inline&#038;linkCode=kpd&#038;ref_=k4w_oembed_b6PIPO7W7rdN4x&#038;asin=B0F9PYPLYG&#038;tag=kpembed-20\"><\/iframe>\n<\/div><\/figure>\n\n\n\n<hr class=\"wp-block-separator has-alpha-channel-opacity\"\/>\n\n\n\n<p>ISBN 9786501509778<br>N\u00famero de p\u00e1ginas 358<br>Edi\u00e7\u00e3o 1 (2025)<br>Formato A5 (148&#215;210)<br>Acabamento Brochura c\/ orelha<br>Colora\u00e7\u00e3o Preto e branco<br>Tipo de papel Offset 75g<br>Idioma Portugu\u00eas<\/p>\n","protected":false},"excerpt":{"rendered":"<p>de Wilhelm Dilthey Conhe\u00e7a nossos post sobre &#8220;Wilhelm Dilthey&#8221;. O que \u00e9 compreender um fil\u00f3sofo? Wilhelm Dilthey acreditava que nenhuma filosofia nasce no v\u00e1cuo \u2014 ela \u00e9 sempre express\u00e3o de uma vida, de um tempo, de um mundo em movimento. Neste livro, ele aplica sua poderosa metodologia hist\u00f3rico-hermen\u00eautica para investigar\u2026<\/p>\n<p class=\"continue-reading-button\"> <a class=\"continue-reading-link\" href=\"https:\/\/antoniofontoura.com.br\/site\/principais-obras\/hegel-e-o-idealismo\/\">Leia mais<i class=\"crycon-right-dir\"><\/i><\/a><\/p>\n","protected":false},"author":1,"featured_media":0,"parent":42,"menu_order":0,"comment_status":"closed","ping_status":"closed","template":"","meta":[],"_links":{"self":[{"href":"https:\/\/antoniofontoura.com.br\/site\/wp-json\/wp\/v2\/pages\/1210"}],"collection":[{"href":"https:\/\/antoniofontoura.com.br\/site\/wp-json\/wp\/v2\/pages"}],"about":[{"href":"https:\/\/antoniofontoura.com.br\/site\/wp-json\/wp\/v2\/types\/page"}],"author":[{"embeddable":true,"href":"https:\/\/antoniofontoura.com.br\/site\/wp-json\/wp\/v2\/users\/1"}],"replies":[{"embeddable":true,"href":"https:\/\/antoniofontoura.com.br\/site\/wp-json\/wp\/v2\/comments?post=1210"}],"version-history":[{"count":1,"href":"https:\/\/antoniofontoura.com.br\/site\/wp-json\/wp\/v2\/pages\/1210\/revisions"}],"predecessor-version":[{"id":1212,"href":"https:\/\/antoniofontoura.com.br\/site\/wp-json\/wp\/v2\/pages\/1210\/revisions\/1212"}],"up":[{"embeddable":true,"href":"https:\/\/antoniofontoura.com.br\/site\/wp-json\/wp\/v2\/pages\/42"}],"wp:attachment":[{"href":"https:\/\/antoniofontoura.com.br\/site\/wp-json\/wp\/v2\/media?parent=1210"}],"curies":[{"name":"wp","href":"https:\/\/api.w.org\/{rel}","templated":true}]}}

<h2 class="wp-block-heading">de Wilhelm Dilthey</h2>


<div class="wp-block-image">
<figure class="aligncenter size-full"><img decoding="async" loading="lazy" width="231" height="328" src="https://antoniofontoura.com.br/site/wp-content/uploads/2025/06/capinha_hegel-e-o-idealismo.jpg" alt="" class="wp-image-1211" srcset="https://antoniofontoura.com.br/site/wp-content/uploads/2025/06/capinha_hegel-e-o-idealismo.jpg 231w, https://antoniofontoura.com.br/site/wp-content/uploads/2025/06/capinha_hegel-e-o-idealismo-211x300.jpg 211w, https://antoniofontoura.com.br/site/wp-content/uploads/2025/06/capinha_hegel-e-o-idealismo-106x150.jpg 106w" sizes="(max-width: 231px) 100vw, 231px" /><figcaption class="wp-element-caption"> </figcaption></figure></div>


<div class="wp-block-columns is-layout-flex wp-container-3">
<div class="wp-block-column is-layout-flow"><div class="wp-block-image">
<figure class="aligncenter size-full"><a href="https://clubedeautores.com.br/livro/hegel-e-o-idealismo"><img decoding="async" loading="lazy" width="74" height="28" src="https://antoniofontoura.com.br/site/wp-content/uploads/2022/10/clube_autores_pq.jpg" alt="" class="wp-image-534"/></a><figcaption class="wp-element-caption">Livro Impresso</figcaption></figure></div></div>



<div class="wp-block-column is-layout-flow"><div class="wp-block-image">
<figure class="aligncenter size-full"><a href="https://www.amazon.com.br/dp/B0F9PYPLYG"><img decoding="async" loading="lazy" width="68" height="25" src="https://antoniofontoura.com.br/site/wp-content/uploads/2021/11/testeamz.jpg" alt="" class="wp-image-467"/></a><figcaption class="wp-element-caption">Ebook</figcaption></figure></div></div>
</div>



<hr class="wp-block-separator has-alpha-channel-opacity"/>



<p><a href="http://antoniofontoura.com.br/site/category/dilthey">Conheça nossos post sobre &#8220;Wilhelm Dilthey&#8221;.</a></p>



<p>O que é compreender um filósofo? Wilhelm Dilthey acreditava que nenhuma filosofia nasce no vácuo — ela é sempre expressão de uma vida, de um tempo, de um mundo em movimento. Neste livro, ele aplica sua poderosa metodologia histórico-hermenêutica para investigar o pensamento de Hegel e o contexto espiritual que o tornou possível.</p>



<p>Publicado originalmente no fim do século XIX, Hegel e o Idealismo é mais do que uma análise de um autor: é um esforço notável de compreender uma época inteira a partir de sua filosofia mais representativa. Dilthey resgata o solo histórico que nutriu o idealismo alemão, destacando as forças culturais, religiosas e políticas que atravessam a obra hegeliana.</p>



<p>Esta edição oferece ao leitor de língua portuguesa um clássico do pensamento sobre Hegel — uma leitura essencial para quem deseja pensar a filosofia como parte viva da história.</p>



<figure class="wp-block-embed is-type-rich is-provider-amazon wp-block-embed-amazon"><div class="wp-block-embed__wrapper">
<iframe loading="lazy" title="Hegel e o Idealismo" type="text/html" width="900" height="550" frameborder="0" allowfullscreen style="max-width:100%" src="https://ler.amazon.com.br/kp/card?preview=inline&#038;linkCode=kpd&#038;ref_=k4w_oembed_b6PIPO7W7rdN4x&#038;asin=B0F9PYPLYG&#038;tag=kpembed-20"></iframe>
</div></figure>



<hr class="wp-block-separator has-alpha-channel-opacity"/>



<p>ISBN 9786501509778<br>Número de páginas 358<br>Edição 1 (2025)<br>Formato A5 (148&#215;210)<br>Acabamento Brochura c/ orelha<br>Coloração Preto e branco<br>Tipo de papel Offset 75g<br>Idioma Português</p>

<p>de Wilhelm Dilthey Conheça nossos post sobre &#8220;Wilhelm Dilthey&#8221;. O que é compreender um filósofo? Wilhelm Dilthey acreditava que nenhuma filosofia nasce no vácuo — ela é sempre expressão de uma vida, de um tempo, de um mundo em movimento. Neste livro, ele aplica sua poderosa metodologia histórico-hermenêutica para investigar…</p>
<p class="continue-reading-button"> <a class="continue-reading-link" href="https://antoniofontoura.com.br/site/principais-obras/hegel-e-o-idealismo/">Leia mais<i class="crycon-right-dir"></i></a></p>
