{"id":1279,"date":"2026-01-18T20:18:09","date_gmt":"2026-01-18T20:18:09","guid":{"rendered":"https:\/\/antoniofontoura.com.br\/site\/?page_id=1279"},"modified":"2026-01-18T20:18:09","modified_gmt":"2026-01-18T20:18:09","slug":"os-insulares-de-andaman","status":"publish","type":"page","link":"https:\/\/antoniofontoura.com.br\/site\/principais-obras\/os-insulares-de-andaman\/","title":{"rendered":"Os Insulares de Andaman"},"content":{"rendered":"\n<h2 class=\"wp-block-heading\">de Radcliffe-Brown<\/h2>\n\n\n\n<div class=\"wp-block-columns is-layout-flex wp-container-3\">\n<div class=\"wp-block-column is-layout-flow\"><div class=\"wp-block-image\">\n<figure class=\"aligncenter size-full\"><a href=\"https:\/\/clubedeautores.com.br\/livro\/os-insulares-de-andaman\"><img decoding=\"async\" loading=\"lazy\" width=\"231\" height=\"328\" src=\"https:\/\/antoniofontoura.com.br\/site\/wp-content\/uploads\/2026\/01\/capinha_insulares.jpg\" alt=\"\" class=\"wp-image-1280\" srcset=\"https:\/\/antoniofontoura.com.br\/site\/wp-content\/uploads\/2026\/01\/capinha_insulares.jpg 231w, https:\/\/antoniofontoura.com.br\/site\/wp-content\/uploads\/2026\/01\/capinha_insulares-211x300.jpg 211w, https:\/\/antoniofontoura.com.br\/site\/wp-content\/uploads\/2026\/01\/capinha_insulares-106x150.jpg 106w\" sizes=\"(max-width: 231px) 100vw, 231px\" \/><\/a><figcaption class=\"wp-element-caption\"><a href=\"https:\/\/clubedeautores.com.br\/livro\/os-insulares-de-andaman\">Livro Impresso<\/a><\/figcaption><\/figure><\/div><\/div>\n\n\n\n<div class=\"wp-block-column is-layout-flow\"><div class=\"wp-block-image\">\n<figure class=\"aligncenter size-full\"><a href=\"https:\/\/www.amazon.com.br\/dp\/B0GCB2D2GB\"><img decoding=\"async\" loading=\"lazy\" width=\"231\" height=\"328\" src=\"https:\/\/antoniofontoura.com.br\/site\/wp-content\/uploads\/2026\/01\/kindle_fundo_insulares.jpg\" alt=\"\" class=\"wp-image-1281\" srcset=\"https:\/\/antoniofontoura.com.br\/site\/wp-content\/uploads\/2026\/01\/kindle_fundo_insulares.jpg 231w, https:\/\/antoniofontoura.com.br\/site\/wp-content\/uploads\/2026\/01\/kindle_fundo_insulares-211x300.jpg 211w, https:\/\/antoniofontoura.com.br\/site\/wp-content\/uploads\/2026\/01\/kindle_fundo_insulares-106x150.jpg 106w\" sizes=\"(max-width: 231px) 100vw, 231px\" \/><\/a><figcaption class=\"wp-element-caption\"><a href=\"https:\/\/www.amazon.com.br\/dp\/B0GCB2D2GB\">Ebook<\/a><\/figcaption><\/figure><\/div><\/div>\n<\/div>\n\n\n\n<hr class=\"wp-block-separator has-alpha-channel-opacity\"\/>\n\n\n\n<p><a href=\"http:\/\/antoniofontoura.com.br\/site\/category\/radcliffe\">Conhe\u00e7a nossos posts sobre &#8220;Radcliffe-Brown&#8221;.<\/a><\/p>\n\n\n\n<p>Um marco fundacional da Antropologia Moderna.<\/p>\n\n\n\n<p>Publicado originalmente em 1922, Os Insulares de Andaman n\u00e3o \u00e9 apenas um relato etnogr\u00e1fico detalhado sobre os povos nativos do arquip\u00e9lago no Golfo de Bengala. \u00c9 a obra que consolidou a ruptura definitiva com o evolucionismo conjectural, lan\u00e7ando as bases do que viria a ser o funcionalismo estrutural.<\/p>\n\n\n\n<p>Nesta tradu\u00e7\u00e3o in\u00e9dita, o leitor acompanha Radcliffe-Brown em sua investiga\u00e7\u00e3o pioneira sobre como os costumes, os mitos e os rituais n\u00e3o s\u00e3o meras sobreviv\u00eancias do passado, mas mecanismos vitais que mant\u00eam a coes\u00e3o e a sobreviv\u00eancia de uma sociedade. Ao analisar as cerim\u00f4nias de luto, as dan\u00e7as e o significado social da alimenta\u00e7\u00e3o entre os andamaneses, o autor responde a uma pergunta fundamental: qual \u00e9 a fun\u00e7\u00e3o social dessa cren\u00e7a ou pr\u00e1tica?<\/p>\n\n\n\n<p>A relev\u00e2ncia desta obra hoje reside na sua capacidade de demonstrar o vigor do m\u00e9todo etnogr\u00e1fico cl\u00e1ssico e a transi\u00e7\u00e3o te\u00f3rica fundamental da disciplina, que sob o olhar de Radcliffe-Brown deixou de buscar &#8220;origens&#8221; perdidas para focar nas leis que regem as estruturas sociais.<\/p>\n\n\n\n<p>Suas reflex\u00f5es sobre rituais e sentimentos coletivos n\u00e3o apenas influenciaram gigantes como Durkheim e L\u00e9vi-Strauss, mas continuam a oferecer ferramentas essenciais para compreender a antropologia como uma ci\u00eancia das leis sociais.<\/p>\n\n\n\n<p>Este livro \u00e9 um manifesto sobre as estruturas invis\u00edveis que mant\u00eam os grupos humanos unidos, tornando-se uma leitura indispens\u00e1vel para soci\u00f3logos, antrop\u00f3logos e todos os interessados na engrenagem da vida em sociedade.<\/p>\n\n\n\n<figure class=\"wp-block-embed is-type-rich is-provider-amazon wp-block-embed-amazon\"><div class=\"wp-block-embed__wrapper\">\n<iframe loading=\"lazy\" title=\"Os Insulares de Andaman (Cl\u00e1ssicos de A. R. Radcliffe-Brown)\" type=\"text\/html\" width=\"900\" height=\"550\" frameborder=\"0\" allowfullscreen style=\"max-width:100%\" src=\"https:\/\/ler.amazon.com.br\/kp\/card?preview=inline&#038;linkCode=kpd&#038;ref_=k4w_oembed_cwfxj5GrxghbWk&#038;asin=B0GCB2D2GB&#038;tag=kpembed-20\"><\/iframe>\n<\/div><\/figure>\n\n\n\n<hr class=\"wp-block-separator has-alpha-channel-opacity\"\/>\n\n\n\n<p>ISBN 9786501876986<br>N\u00famero de p\u00e1ginas 529<br>Edi\u00e7\u00e3o 1 (2026)<br>Formato A5 (148&#215;210)<br>Acabamento Brochura c\/ orelha<br>Colora\u00e7\u00e3o Preto e branco<br>Tipo de papel Offset 75g<br>Idioma Portugu\u00eas<\/p>\n","protected":false},"excerpt":{"rendered":"<p>de Radcliffe-Brown Conhe\u00e7a nossos posts sobre &#8220;Radcliffe-Brown&#8221;. Um marco fundacional da Antropologia Moderna. Publicado originalmente em 1922, Os Insulares de Andaman n\u00e3o \u00e9 apenas um relato etnogr\u00e1fico detalhado sobre os povos nativos do arquip\u00e9lago no Golfo de Bengala. \u00c9 a obra que consolidou a ruptura definitiva com o evolucionismo conjectural,\u2026<\/p>\n<p class=\"continue-reading-button\"> <a class=\"continue-reading-link\" href=\"https:\/\/antoniofontoura.com.br\/site\/principais-obras\/os-insulares-de-andaman\/\">Leia mais<i class=\"crycon-right-dir\"><\/i><\/a><\/p>\n","protected":false},"author":1,"featured_media":0,"parent":42,"menu_order":0,"comment_status":"closed","ping_status":"closed","template":"","meta":[],"_links":{"self":[{"href":"https:\/\/antoniofontoura.com.br\/site\/wp-json\/wp\/v2\/pages\/1279"}],"collection":[{"href":"https:\/\/antoniofontoura.com.br\/site\/wp-json\/wp\/v2\/pages"}],"about":[{"href":"https:\/\/antoniofontoura.com.br\/site\/wp-json\/wp\/v2\/types\/page"}],"author":[{"embeddable":true,"href":"https:\/\/antoniofontoura.com.br\/site\/wp-json\/wp\/v2\/users\/1"}],"replies":[{"embeddable":true,"href":"https:\/\/antoniofontoura.com.br\/site\/wp-json\/wp\/v2\/comments?post=1279"}],"version-history":[{"count":1,"href":"https:\/\/antoniofontoura.com.br\/site\/wp-json\/wp\/v2\/pages\/1279\/revisions"}],"predecessor-version":[{"id":1282,"href":"https:\/\/antoniofontoura.com.br\/site\/wp-json\/wp\/v2\/pages\/1279\/revisions\/1282"}],"up":[{"embeddable":true,"href":"https:\/\/antoniofontoura.com.br\/site\/wp-json\/wp\/v2\/pages\/42"}],"wp:attachment":[{"href":"https:\/\/antoniofontoura.com.br\/site\/wp-json\/wp\/v2\/media?parent=1279"}],"curies":[{"name":"wp","href":"https:\/\/api.w.org\/{rel}","templated":true}]}}