{"id":44,"date":"2017-10-17T21:52:23","date_gmt":"2017-10-17T21:52:23","guid":{"rendered":"http:\/\/antoniofontoura.com.br\/site\/?page_id=44"},"modified":"2024-10-31T17:22:57","modified_gmt":"2024-10-31T17:22:57","slug":"a-mulher-delinquente","status":"publish","type":"page","link":"https:\/\/antoniofontoura.com.br\/site\/principais-obras\/a-mulher-delinquente\/","title":{"rendered":"A mulher delinquente"},"content":{"rendered":"\n<h2 class=\"wp-block-heading\">de: Cesare Lombroso, Guglielmo Ferrero<\/h2>\n\n\n<div class=\"wp-block-image\">\n<figure class=\"aligncenter\"><img decoding=\"async\" src=\"https:\/\/antoniofontoura.com.br\/site\/wp-content\/uploads\/2017\/10\/coluna-3-lombroso-1-211x300.jpg\" alt=\"\" class=\"wp-image-27\"\/><\/figure><\/div>\n\n\n<div class=\"wp-block-columns is-layout-flex wp-container-4\">\n<div class=\"wp-block-column is-layout-flow\">\n<figure class=\"wp-block-image size-full\"><a href=\"https:\/\/www.estantevirtual.com.br\/busca?utf8=%E2%9C%93&amp;q=A%20Mulher%20Delinquente%20Cesare%20Lombroso\"><img decoding=\"async\" loading=\"lazy\" width=\"70\" height=\"28\" src=\"https:\/\/antoniofontoura.com.br\/site\/wp-content\/uploads\/2021\/11\/logo_estantevirtual.jpg\" alt=\"\" class=\"wp-image-464\"\/><\/a><\/figure>\n<\/div>\n\n\n\n<div class=\"wp-block-column is-layout-flow\">\n<figure class=\"wp-block-image size-full\"><a href=\"https:\/\/clubedeautores.com.br\/livro\/a-mulher-delinquente-3\"><img decoding=\"async\" loading=\"lazy\" width=\"74\" height=\"28\" src=\"https:\/\/antoniofontoura.com.br\/site\/wp-content\/uploads\/2022\/10\/clube_autores_pq.jpg\" alt=\"\" class=\"wp-image-534\"\/><\/a><\/figure>\n<\/div>\n\n\n\n<div class=\"wp-block-column is-layout-flow\">\n<figure class=\"wp-block-image size-full\"><a href=\"https:\/\/www.amazon.com.br\/s?k=9786500416695\"><img decoding=\"async\" loading=\"lazy\" width=\"68\" height=\"25\" src=\"https:\/\/antoniofontoura.com.br\/site\/wp-content\/uploads\/2021\/11\/testeamz.jpg\" alt=\"\" class=\"wp-image-467\"\/><\/a><\/figure>\n<\/div>\n<\/div>\n\n\n\n<h3 class=\"wp-block-heading\">Caso deseje, voc\u00ea tamb\u00e9m pode <a href=\"https:\/\/www.amazon.com.br\/dp\/B07D2MBR4P\"><strong>Adquirir a Vers\u00e3o Ebook<\/strong><\/a><\/h3>\n\n\n\n<hr class=\"wp-block-separator has-alpha-channel-opacity\"\/>\n\n\n\n<h4 class=\"wp-block-heading\">Sobre A Mulher Delinquente<\/h4>\n\n\n\n<p><a href=\"http:\/\/antoniofontoura.com.br\/site\/category\/lombroso\/\">Conhe\u00e7a nossos posts sobre A Mulher Delinquente<\/a><br><a href=\"http:\/\/antoniofontoura.com.br\/site\/2017\/10\/23\/capitulo-1-de-a-mulher-delinquente\/\">Leia aqui o cap\u00edtulo 1 de A Mulher Delinquente<\/a><\/p>\n\n\n\n<p>Obra cl\u00e1ssica de Cesare Lombroso (mais conhecido pelo seu &#8220;O homem delinquente&#8221;) e Guglielmo Ferrero, detalha como, na vis\u00e3o dos autores, tanto a criminosa como a prostituta seriam degenera\u00e7\u00f5es do que seria a &#8220;mulher normal&#8221;. Escrita sob uma forte base racialista e biologicista, revela muito dos pensamentos do final do s\u00e9culo XIX e in\u00edcio do XX, a respeito do que se acreditavam ser diferen\u00e7as biol\u00f3gicas entre seres evolu\u00eddos (homens e europeus) e atrasados (mulheres e selvagens). A obra \u00e9 de 1893.<\/p>\n\n\n\n<figure class=\"wp-block-embed aligncenter is-type-rich is-provider-amazon wp-block-embed-amazon\"><div class=\"wp-block-embed__wrapper\">\n<iframe loading=\"lazy\" title=\"A Mulher Delinquente: A Prostituta e a Mulher Normal\" type=\"text\/html\" width=\"900\" height=\"550\" frameborder=\"0\" allowfullscreen style=\"max-width:100%\" src=\"https:\/\/ler.amazon.com.br\/kp\/card?preview=inline&#038;linkCode=kpd&#038;ref_=k4w_oembed_PMja5uuxWscGS6&#038;asin=B07D2MBR4P&#038;tag=kpembed-20\"><\/iframe>\n<\/div><\/figure>\n\n\n\n<hr class=\"wp-block-separator has-alpha-channel-opacity\"\/>\n\n\n\n<h4 class=\"wp-block-heading\">Sobre os Autores<\/h4>\n\n\n\n<p><strong>Cesare Lombroso<\/strong> (1835-1909) foi um m\u00e9dico e criminologista italiano, conhecido por suas teorias a respeito da criminalidade inata. Lombroso acreditava que os criminosos possu\u00edam caracter\u00edsticas f\u00edsicas e psiqui\u00e1tricas que os diferenciavam das pessoas normais.<\/p>\n\n\n\n<p><strong>Guglielmo Ferrerro<\/strong> (1871-1942) foi um escritor e jornalista italiano. Tornou-se conhecido especialmente por seus livros que giravam em torno de temas hist\u00f3ricos.<\/p>\n\n\n\n<hr class=\"wp-block-separator has-alpha-channel-opacity\"\/>\n\n\n\n<h4 class=\"wp-block-heading\">Caracter\u00edsticas<\/h4>\n\n\n\n<p>N\u00famero de p\u00e1ginas: 531<\/p>\n\n\n\n<p>Dimens\u00f5es: 148&#215;210 mm<\/p>\n\n\n\n<p>Acabamento: Brochura<\/p>\n\n\n\n<p>Tipo de papel: Offset 75g<\/p>\n","protected":false},"excerpt":{"rendered":"<p>de: Cesare Lombroso, Guglielmo Ferrero Caso deseje, voc\u00ea tamb\u00e9m pode Adquirir a Vers\u00e3o Ebook Sobre A Mulher Delinquente Conhe\u00e7a nossos posts sobre A Mulher DelinquenteLeia aqui o cap\u00edtulo 1 de A Mulher Delinquente Obra cl\u00e1ssica de Cesare Lombroso (mais conhecido pelo seu &#8220;O homem delinquente&#8221;) e Guglielmo Ferrero, detalha como,\u2026<\/p>\n<p class=\"continue-reading-button\"> <a class=\"continue-reading-link\" href=\"https:\/\/antoniofontoura.com.br\/site\/principais-obras\/a-mulher-delinquente\/\">Leia mais<i class=\"crycon-right-dir\"><\/i><\/a><\/p>\n","protected":false},"author":1,"featured_media":0,"parent":42,"menu_order":0,"comment_status":"closed","ping_status":"closed","template":"","meta":[],"_links":{"self":[{"href":"https:\/\/antoniofontoura.com.br\/site\/wp-json\/wp\/v2\/pages\/44"}],"collection":[{"href":"https:\/\/antoniofontoura.com.br\/site\/wp-json\/wp\/v2\/pages"}],"about":[{"href":"https:\/\/antoniofontoura.com.br\/site\/wp-json\/wp\/v2\/types\/page"}],"author":[{"embeddable":true,"href":"https:\/\/antoniofontoura.com.br\/site\/wp-json\/wp\/v2\/users\/1"}],"replies":[{"embeddable":true,"href":"https:\/\/antoniofontoura.com.br\/site\/wp-json\/wp\/v2\/comments?post=44"}],"version-history":[{"count":2,"href":"https:\/\/antoniofontoura.com.br\/site\/wp-json\/wp\/v2\/pages\/44\/revisions"}],"predecessor-version":[{"id":1095,"href":"https:\/\/antoniofontoura.com.br\/site\/wp-json\/wp\/v2\/pages\/44\/revisions\/1095"}],"up":[{"embeddable":true,"href":"https:\/\/antoniofontoura.com.br\/site\/wp-json\/wp\/v2\/pages\/42"}],"wp:attachment":[{"href":"https:\/\/antoniofontoura.com.br\/site\/wp-json\/wp\/v2\/media?parent=44"}],"curies":[{"name":"wp","href":"https:\/\/api.w.org\/{rel}","templated":true}]}}