{"id":442,"date":"2021-09-02T16:36:41","date_gmt":"2021-09-02T16:36:41","guid":{"rendered":"http:\/\/antoniofontoura.com.br\/site\/?page_id=442"},"modified":"2024-10-31T17:44:17","modified_gmt":"2024-10-31T17:44:17","slug":"novas-confissoes-da-bahia","status":"publish","type":"page","link":"https:\/\/antoniofontoura.com.br\/site\/principais-obras\/novas-confissoes-da-bahia\/","title":{"rendered":"Novas Confiss\u00f5es da Bahia"},"content":{"rendered":"\n<h3 class=\"wp-block-heading\">&nbsp;<\/h3>\n\n\n\n<figure class=\"wp-block-image size-full is-resized\"><img decoding=\"async\" loading=\"lazy\" src=\"https:\/\/antoniofontoura.com.br\/site\/wp-content\/uploads\/2022\/10\/capinha_confissoes.jpg\" alt=\"\" class=\"wp-image-528\" width=\"231\" height=\"328\" srcset=\"https:\/\/antoniofontoura.com.br\/site\/wp-content\/uploads\/2022\/10\/capinha_confissoes.jpg 231w, https:\/\/antoniofontoura.com.br\/site\/wp-content\/uploads\/2022\/10\/capinha_confissoes-211x300.jpg 211w, https:\/\/antoniofontoura.com.br\/site\/wp-content\/uploads\/2022\/10\/capinha_confissoes-106x150.jpg 106w\" sizes=\"(max-width: 231px) 100vw, 231px\" \/><\/figure>\n\n\n\n<div class=\"wp-block-columns is-layout-flex wp-container-4\">\n<div class=\"wp-block-column is-layout-flow\">\n<figure class=\"wp-block-image size-full\"><a href=\"https:\/\/www.estantevirtual.com.br\/busca?utf8=%E2%9C%93&amp;q=Novas%20confiss%C3%B5es%20da%20Bahia%20Antonio%20Fontoura\"><img decoding=\"async\" loading=\"lazy\" width=\"70\" height=\"28\" src=\"https:\/\/antoniofontoura.com.br\/site\/wp-content\/uploads\/2021\/11\/logo_estantevirtual.jpg\" alt=\"\" class=\"wp-image-464\"\/><\/a><\/figure>\n<\/div>\n\n\n\n<div class=\"wp-block-column is-layout-flow\">\n<figure class=\"wp-block-image size-full\"><a href=\"https:\/\/clubedeautores.com.br\/livro\/novas-confissoes-da-bahia\"><img decoding=\"async\" loading=\"lazy\" width=\"74\" height=\"28\" src=\"https:\/\/antoniofontoura.com.br\/site\/wp-content\/uploads\/2022\/10\/clube_autores_pq.jpg\" alt=\"\" class=\"wp-image-534\"\/><\/a><\/figure>\n<\/div>\n\n\n\n<div class=\"wp-block-column is-layout-flow\"><\/div>\n<\/div>\n\n\n\n<h4 class=\"wp-block-heading\">Sobre Novas Confiss\u00f5es da Bahia<\/h4>\n\n\n\n<p><a href=\"http:\/\/antoniofontoura.com.br\/site\/category\/inquisicao\/\">Conhe\u00e7a nossos posts sobre a hist\u00f3ria da Inquisi\u00e7\u00e3o no Brasil<\/a><\/p>\n\n\n\n<p>Um livro com todas as <strong>Confiss\u00f5es<\/strong> e todas as <strong>Den\u00fancias <\/strong>que ocorreram na Inquisi\u00e7\u00e3o em Salvador em 1618.<\/p>\n\n\n\n<p>Em 1618, a Inquisi\u00e7\u00e3o voltava a Salvador em busca de todos aqueles que, de alguma forma, fossem \u201cculpados em erros contra a santa f\u00e9 Cat\u00f3lica\u201d. O Inquisidor visitador Marcos Teixeira encontrara uma cidade muito diferente daquela que se deixa transparecer pelos arquivos da primeira visita\u00e7\u00e3o, de 1591: s\u00edntese do pr\u00f3prio processo colonial, aumenta-se a popula\u00e7\u00e3o portuguesa, quase desaparecem as refer\u00eancias aos ind\u00edgenas, a presen\u00e7a da escravid\u00e3o negra se torna constante.<\/p>\n\n\n\n<p>O n\u00famero de imigrantes portugueses, oriundos de diferentes partes do Imp\u00e9rio parece ser muito maior que a popula\u00e7\u00e3o nativa, demonstrando a alta rotatividade populacional do primeiro s\u00e9culo de coloniza\u00e7\u00e3o do Brasil. S\u00e3o poucos os que, como Paulo Nunes, diziam que \u201cnunca sa\u00edra desta terra\u201d e que dela eram naturais. A grande maioria, especialmente sapateiros, pedreiros, correeiros, alfaiates, lavradores de cana, v\u00eam do reino ou das Ilha da Madeira e de S\u00e3o Miguel, al\u00e9m de holandeses, espanh\u00f3is e mesmo marroquinos, formando o quadro de uma popula\u00e7\u00e3o colonial heterog\u00eanea, fundada claramente na realidade do a\u00e7\u00facar e dos engenhos.<\/p>\n\n\n\n<p>Os africanos escravizados, \u201cNegros da Guin\u00e9\u201d, ali\u00e1s, cada vez mais fazem parte da realidade cotidiana. O senhor de quatro engenhos Pero Garcia, por exemplo, revelou em sua confiss\u00e3o que uma epidemia de var\u00edola havia matado \u201cmais de duzentos e quarenta escravos\u201d, lamentando sua perda econ\u00f4mica. Traziam, al\u00e9m do trabalho for\u00e7ado, sua cultura religiosa, que rapidamente se mesclava \u00e0s cren\u00e7as locais: em sua confiss\u00e3o, Pero de Moura \u201cdesconfiado dos m\u00e9dicos\u201d, como afirma, \u201cmandara chamar um Negro de S\u00e3o Thom\u00e9 por nome Francisco Cucana [&#8230;] o qual negro tinha fama de feiticeiro e estivera j\u00e1 preso no Aljube desta cidade por isso\u201d.<\/p>\n\n\n\n<p>Por sua vez os ind\u00edgenas ainda eram parte fundamental do cotidiano de Salvador em 1591. A leitura tanto das confiss\u00f5es quando das den\u00fancias (ou denuncia\u00e7\u00f5es como se dizia) \u00e0 visita\u00e7\u00e3o daquele ano revela uma intensa intimidade de costumes entre colonizadores portugueses e ind\u00edgenas, al\u00e9m de todo um ativo grupo de mesti\u00e7os, que transitavam em ambas as culturas, realizando entradas de apresamento de ind\u00edgenas muito semelhantes \u00e0quelas que tornariam famosos os paulistas. Por sua vez, nota-se em 1618 uma sociedade bastante ausente de ind\u00edgenas: eles ainda participam da sociedade baiana, mas em menor propor\u00e7\u00e3o \u2013 como In\u00eas e Juliana, testemunhas de um caso de sodomia do senhor de Engenhos Pero Garcia.<\/p>\n\n\n\n<p>Por sua vez, a presen\u00e7a do \u201cnefando pecado da sodomia\u201d permanecia caracter\u00edstica da sociedade da \u00e9poca: destaque para as confiss\u00f5es de Fern\u00e3o Rodrigues \u2013 que revelou como o Governador Geral Diogo Botelho mantinha uma ativa rede de relacionamentos sexuais com outros homens da cidade \u2013, assim como o pr\u00f3prio Pero Garcia: em sua confiss\u00e3o, o senhor de Engenho revelou que mantivera um relacionamento de tal forma est\u00e1vel com o mulato Jospeh, que este passou a ser conhecido por \u201cmanceba de seu senhor\u201d.<\/p>\n\n\n\n<p>Na realidade de Salvador de 1618 conflitos religiosos, principalmente envolvendo os da Na\u00e7\u00e3o, como passaram a ser chamados os crist\u00e3os-novos e os judeus (convertidos apenas nas apar\u00eancias), tornavam dif\u00edcil o clima cotidiano. Desde piadas aparentemente inofensivas, at\u00e9 atos efetivamente de ofensa \u00e0 cren\u00e7a crist\u00e3 (nas denuncia\u00e7\u00f5es se revela que fezes humanas foram colocadas sobre uma figura de Jesus Cristo), eram perpassadas por uma realidade de vigil\u00e2ncia m\u00fatua, fofocas, den\u00fancias, desconfian\u00e7a.<\/p>\n\n\n\n<p>Essas <strong>confiss\u00f5es<\/strong> e <strong>den\u00fancias<\/strong> de 1618 nos apresentam uma sociedade viva, din\u00e2mica, repleta de incoer\u00eancias, de conflitos, de amizades e inimizades. H\u00e1 muito pouco de ciclos econ\u00f4micos, de exclusivo colonial, de sentidos da coloniza\u00e7\u00e3o nas p\u00e1ginas que seguem. H\u00e1 os dramas que fazem humana a pr\u00f3pria hist\u00f3ria. Sob o cinismo inquisitorial, pr\u00f3prio destes documentos, encontra-se o colorido que move a pr\u00f3pria vida. Um colorido nem sempre alegre. Mas uma diversidade pulsante que, ao final, \u00e9 o que forma a hist\u00f3ria em si.<\/p>\n\n\n\n<figure class=\"wp-block-embed is-type-rich is-provider-amazon wp-block-embed-amazon\"><div class=\"wp-block-embed__wrapper\">\n<iframe loading=\"lazy\" title=\"Novas Confiss\u00f5es da Bahia: Documentos da Segunda Visita\u00e7\u00e3o do Santo Of\u00edcio ao Brasil (s\u00e9culo XVII)\" type=\"text\/html\" width=\"900\" height=\"550\" frameborder=\"0\" allowfullscreen style=\"max-width:100%\" src=\"https:\/\/ler.amazon.com.br\/kp\/card?preview=inline&#038;linkCode=kpd&#038;ref_=k4w_oembed_wU3kb1DyXlk8c9&#038;asin=B086HT79PJ&#038;tag=kpembed-20\"><\/iframe>\n<\/div><\/figure>\n\n\n\n<h4 class=\"wp-block-heading\">Caracter\u00edsticas<\/h4>\n\n\n\n<p>ISBN\u200f : \u200e 9786500545654<br>Idioma \u200f : \u200e Portugu\u00eas<br>Quantidade de p\u00e1ginas \u200f : \u200e 302<br>Formato: 148x210mm<br>Acabamento \u200f : \u200e Brochura com orelha<br>Papel \u200f : \u200e Offset 75g<br>Configura\u00e7\u00e3o de fonte \u200f : \u200e Habilitado<\/p>\n\n\n\n<hr class=\"wp-block-separator has-alpha-channel-opacity\"\/>\n\n\n\n<p>Voc\u00ea pode ainda adquirir a vers\u00e3o Ebook &#8220;Novas Confiss\u00f5es da Bahia&#8221;. Note que, nesta vers\u00e3o, n\u00e3o est\u00e3o presentes as den\u00fancias (ou denuncia\u00e7\u00f5es), como no Livro f\u00edsico.<\/p>\n\n\n<div class=\"wp-block-image\">\n<figure class=\"aligncenter\"><a href=\"https:\/\/www.amazon.com.br\/dp\/B086HT79PJ\"><img decoding=\"async\" loading=\"lazy\" width=\"211\" height=\"300\" src=\"https:\/\/antoniofontoura.com.br\/site\/wp-content\/uploads\/2021\/08\/novas-confissoes-capinha-211x300.jpg\" alt=\"\" class=\"wp-image-405\" srcset=\"https:\/\/antoniofontoura.com.br\/site\/wp-content\/uploads\/2021\/08\/novas-confissoes-capinha-211x300.jpg 211w, https:\/\/antoniofontoura.com.br\/site\/wp-content\/uploads\/2021\/08\/novas-confissoes-capinha-106x150.jpg 106w, https:\/\/antoniofontoura.com.br\/site\/wp-content\/uploads\/2021\/08\/novas-confissoes-capinha.jpg 231w\" sizes=\"(max-width: 211px) 100vw, 211px\" \/><\/a><\/figure><\/div>\n\n\n<h3 class=\"wp-block-heading has-text-align-center\"><a href=\"https:\/\/www.amazon.com.br\/dp\/B086HT79PJ\"><strong>Adquirir Vers\u00e3o Ebook<\/strong><\/a><\/h3>\n\n\n\n<h4 class=\"wp-block-heading\">Caracter\u00edsticas<\/h4>\n\n\n\n<p>ASIN \u200f : \u200e B086HT79PJ<br>Idioma \u200f : \u200e Portugu\u00eas<br>Tamanho do arquivo \u200f : \u200e 1321 KB<br>Leitura de texto \u200f : \u200e Habilitado<br>Leitor de tela \u200f : \u200e Compat\u00edvel<br>Configura\u00e7\u00e3o de fonte \u200f : \u200e Habilitado<\/p>\n","protected":false},"excerpt":{"rendered":"<p>&nbsp; Sobre Novas Confiss\u00f5es da Bahia Conhe\u00e7a nossos posts sobre a hist\u00f3ria da Inquisi\u00e7\u00e3o no Brasil Um livro com todas as Confiss\u00f5es e todas as Den\u00fancias que ocorreram na Inquisi\u00e7\u00e3o em Salvador em 1618. Em 1618, a Inquisi\u00e7\u00e3o voltava a Salvador em busca de todos aqueles que, de alguma forma,\u2026<\/p>\n<p class=\"continue-reading-button\"> <a class=\"continue-reading-link\" href=\"https:\/\/antoniofontoura.com.br\/site\/principais-obras\/novas-confissoes-da-bahia\/\">Leia mais<i class=\"crycon-right-dir\"><\/i><\/a><\/p>\n","protected":false},"author":1,"featured_media":0,"parent":42,"menu_order":0,"comment_status":"closed","ping_status":"closed","template":"","meta":[],"_links":{"self":[{"href":"https:\/\/antoniofontoura.com.br\/site\/wp-json\/wp\/v2\/pages\/442"}],"collection":[{"href":"https:\/\/antoniofontoura.com.br\/site\/wp-json\/wp\/v2\/pages"}],"about":[{"href":"https:\/\/antoniofontoura.com.br\/site\/wp-json\/wp\/v2\/types\/page"}],"author":[{"embeddable":true,"href":"https:\/\/antoniofontoura.com.br\/site\/wp-json\/wp\/v2\/users\/1"}],"replies":[{"embeddable":true,"href":"https:\/\/antoniofontoura.com.br\/site\/wp-json\/wp\/v2\/comments?post=442"}],"version-history":[{"count":8,"href":"https:\/\/antoniofontoura.com.br\/site\/wp-json\/wp\/v2\/pages\/442\/revisions"}],"predecessor-version":[{"id":1129,"href":"https:\/\/antoniofontoura.com.br\/site\/wp-json\/wp\/v2\/pages\/442\/revisions\/1129"}],"up":[{"embeddable":true,"href":"https:\/\/antoniofontoura.com.br\/site\/wp-json\/wp\/v2\/pages\/42"}],"wp:attachment":[{"href":"https:\/\/antoniofontoura.com.br\/site\/wp-json\/wp\/v2\/media?parent=442"}],"curies":[{"name":"wp","href":"https:\/\/api.w.org\/{rel}","templated":true}]}}

Novas Confissões da Bahia

<h3 class="wp-block-heading">&nbsp;</h3>



<figure class="wp-block-image size-full is-resized"><img decoding="async" loading="lazy" src="https://antoniofontoura.com.br/site/wp-content/uploads/2022/10/capinha_confissoes.jpg" alt="" class="wp-image-528" width="231" height="328" srcset="https://antoniofontoura.com.br/site/wp-content/uploads/2022/10/capinha_confissoes.jpg 231w, https://antoniofontoura.com.br/site/wp-content/uploads/2022/10/capinha_confissoes-211x300.jpg 211w, https://antoniofontoura.com.br/site/wp-content/uploads/2022/10/capinha_confissoes-106x150.jpg 106w" sizes="(max-width: 231px) 100vw, 231px" /></figure>



<div class="wp-block-columns is-layout-flex wp-container-4">
<div class="wp-block-column is-layout-flow">
<figure class="wp-block-image size-full"><a href="https://www.estantevirtual.com.br/busca?utf8=%E2%9C%93&amp;q=Novas%20confiss%C3%B5es%20da%20Bahia%20Antonio%20Fontoura"><img decoding="async" loading="lazy" width="70" height="28" src="https://antoniofontoura.com.br/site/wp-content/uploads/2021/11/logo_estantevirtual.jpg" alt="" class="wp-image-464"/></a></figure>
</div>



<div class="wp-block-column is-layout-flow">
<figure class="wp-block-image size-full"><a href="https://clubedeautores.com.br/livro/novas-confissoes-da-bahia"><img decoding="async" loading="lazy" width="74" height="28" src="https://antoniofontoura.com.br/site/wp-content/uploads/2022/10/clube_autores_pq.jpg" alt="" class="wp-image-534"/></a></figure>
</div>



<div class="wp-block-column is-layout-flow"></div>
</div>



<h4 class="wp-block-heading">Sobre Novas Confissões da Bahia</h4>



<p><a href="http://antoniofontoura.com.br/site/category/inquisicao/">Conheça nossos posts sobre a história da Inquisição no Brasil</a></p>



<p>Um livro com todas as <strong>Confissões</strong> e todas as <strong>Denúncias </strong>que ocorreram na Inquisição em Salvador em 1618.</p>



<p>Em 1618, a Inquisição voltava a Salvador em busca de todos aqueles que, de alguma forma, fossem “culpados em erros contra a santa fé Católica”. O Inquisidor visitador Marcos Teixeira encontrara uma cidade muito diferente daquela que se deixa transparecer pelos arquivos da primeira visitação, de 1591: síntese do próprio processo colonial, aumenta-se a população portuguesa, quase desaparecem as referências aos indígenas, a presença da escravidão negra se torna constante.</p>



<p>O número de imigrantes portugueses, oriundos de diferentes partes do Império parece ser muito maior que a população nativa, demonstrando a alta rotatividade populacional do primeiro século de colonização do Brasil. São poucos os que, como Paulo Nunes, diziam que “nunca saíra desta terra” e que dela eram naturais. A grande maioria, especialmente sapateiros, pedreiros, correeiros, alfaiates, lavradores de cana, vêm do reino ou das Ilha da Madeira e de São Miguel, além de holandeses, espanhóis e mesmo marroquinos, formando o quadro de uma população colonial heterogênea, fundada claramente na realidade do açúcar e dos engenhos.</p>



<p>Os africanos escravizados, “Negros da Guiné”, aliás, cada vez mais fazem parte da realidade cotidiana. O senhor de quatro engenhos Pero Garcia, por exemplo, revelou em sua confissão que uma epidemia de varíola havia matado “mais de duzentos e quarenta escravos”, lamentando sua perda econômica. Traziam, além do trabalho forçado, sua cultura religiosa, que rapidamente se mesclava às crenças locais: em sua confissão, Pero de Moura “desconfiado dos médicos”, como afirma, “mandara chamar um Negro de São Thomé por nome Francisco Cucana [&#8230;] o qual negro tinha fama de feiticeiro e estivera já preso no Aljube desta cidade por isso”.</p>



<p>Por sua vez os indígenas ainda eram parte fundamental do cotidiano de Salvador em 1591. A leitura tanto das confissões quando das denúncias (ou denunciações como se dizia) à visitação daquele ano revela uma intensa intimidade de costumes entre colonizadores portugueses e indígenas, além de todo um ativo grupo de mestiços, que transitavam em ambas as culturas, realizando entradas de apresamento de indígenas muito semelhantes àquelas que tornariam famosos os paulistas. Por sua vez, nota-se em 1618 uma sociedade bastante ausente de indígenas: eles ainda participam da sociedade baiana, mas em menor proporção – como Inês e Juliana, testemunhas de um caso de sodomia do senhor de Engenhos Pero Garcia.</p>



<p>Por sua vez, a presença do “nefando pecado da sodomia” permanecia característica da sociedade da época: destaque para as confissões de Fernão Rodrigues – que revelou como o Governador Geral Diogo Botelho mantinha uma ativa rede de relacionamentos sexuais com outros homens da cidade –, assim como o próprio Pero Garcia: em sua confissão, o senhor de Engenho revelou que mantivera um relacionamento de tal forma estável com o mulato Jospeh, que este passou a ser conhecido por “manceba de seu senhor”.</p>



<p>Na realidade de Salvador de 1618 conflitos religiosos, principalmente envolvendo os da Nação, como passaram a ser chamados os cristãos-novos e os judeus (convertidos apenas nas aparências), tornavam difícil o clima cotidiano. Desde piadas aparentemente inofensivas, até atos efetivamente de ofensa à crença cristã (nas denunciações se revela que fezes humanas foram colocadas sobre uma figura de Jesus Cristo), eram perpassadas por uma realidade de vigilância mútua, fofocas, denúncias, desconfiança.</p>



<p>Essas <strong>confissões</strong> e <strong>denúncias</strong> de 1618 nos apresentam uma sociedade viva, dinâmica, repleta de incoerências, de conflitos, de amizades e inimizades. Há muito pouco de ciclos econômicos, de exclusivo colonial, de sentidos da colonização nas páginas que seguem. Há os dramas que fazem humana a própria história. Sob o cinismo inquisitorial, próprio destes documentos, encontra-se o colorido que move a própria vida. Um colorido nem sempre alegre. Mas uma diversidade pulsante que, ao final, é o que forma a história em si.</p>



<figure class="wp-block-embed is-type-rich is-provider-amazon wp-block-embed-amazon"><div class="wp-block-embed__wrapper">
<iframe loading="lazy" title="Novas Confissões da Bahia: Documentos da Segunda Visitação do Santo Ofício ao Brasil (século XVII)" type="text/html" width="900" height="550" frameborder="0" allowfullscreen style="max-width:100%" src="https://ler.amazon.com.br/kp/card?preview=inline&#038;linkCode=kpd&#038;ref_=k4w_oembed_wU3kb1DyXlk8c9&#038;asin=B086HT79PJ&#038;tag=kpembed-20"></iframe>
</div></figure>



<h4 class="wp-block-heading">Características</h4>



<p>ISBN‏ : ‎ 9786500545654<br>Idioma ‏ : ‎ Português<br>Quantidade de páginas ‏ : ‎ 302<br>Formato: 148x210mm<br>Acabamento ‏ : ‎ Brochura com orelha<br>Papel ‏ : ‎ Offset 75g<br>Configuração de fonte ‏ : ‎ Habilitado</p>



<hr class="wp-block-separator has-alpha-channel-opacity"/>



<p>Você pode ainda adquirir a versão Ebook &#8220;Novas Confissões da Bahia&#8221;. Note que, nesta versão, não estão presentes as denúncias (ou denunciações), como no Livro físico.</p>


<div class="wp-block-image">
<figure class="aligncenter"><a href="https://www.amazon.com.br/dp/B086HT79PJ"><img decoding="async" loading="lazy" width="211" height="300" src="https://antoniofontoura.com.br/site/wp-content/uploads/2021/08/novas-confissoes-capinha-211x300.jpg" alt="" class="wp-image-405" srcset="https://antoniofontoura.com.br/site/wp-content/uploads/2021/08/novas-confissoes-capinha-211x300.jpg 211w, https://antoniofontoura.com.br/site/wp-content/uploads/2021/08/novas-confissoes-capinha-106x150.jpg 106w, https://antoniofontoura.com.br/site/wp-content/uploads/2021/08/novas-confissoes-capinha.jpg 231w" sizes="(max-width: 211px) 100vw, 211px" /></a></figure></div>


<h3 class="wp-block-heading has-text-align-center"><a href="https://www.amazon.com.br/dp/B086HT79PJ"><strong>Adquirir Versão Ebook</strong></a></h3>



<h4 class="wp-block-heading">Características</h4>



<p>ASIN ‏ : ‎ B086HT79PJ<br>Idioma ‏ : ‎ Português<br>Tamanho do arquivo ‏ : ‎ 1321 KB<br>Leitura de texto ‏ : ‎ Habilitado<br>Leitor de tela ‏ : ‎ Compatível<br>Configuração de fonte ‏ : ‎ Habilitado</p>

<p>&nbsp; Sobre Novas Confissões da Bahia Conheça nossos posts sobre a história da Inquisição no Brasil Um livro com todas as Confissões e todas as Denúncias que ocorreram na Inquisição em Salvador em 1618. Em 1618, a Inquisição voltava a Salvador em busca de todos aqueles que, de alguma forma,…</p>
<p class="continue-reading-button"> <a class="continue-reading-link" href="https://antoniofontoura.com.br/site/principais-obras/novas-confissoes-da-bahia/">Leia mais<i class="crycon-right-dir"></i></a></p>
