{"id":671,"date":"2023-08-06T18:55:26","date_gmt":"2023-08-06T18:55:26","guid":{"rendered":"https:\/\/antoniofontoura.com.br\/site\/?page_id=671"},"modified":"2024-10-31T17:33:14","modified_gmt":"2024-10-31T17:33:14","slug":"contra-marciao","status":"publish","type":"page","link":"https:\/\/antoniofontoura.com.br\/site\/principais-obras\/contra-marciao\/","title":{"rendered":"Contra Marci\u00e3o"},"content":{"rendered":"\n<h3 class=\"wp-block-heading\">De Tertuliano<\/h3>\n\n\n<div class=\"wp-block-image\">\n<figure class=\"aligncenter size-full\"><img decoding=\"async\" loading=\"lazy\" width=\"231\" height=\"328\" src=\"https:\/\/antoniofontoura.com.br\/site\/wp-content\/uploads\/2023\/08\/capa_tertuliano_3.jpg\" alt=\"\" class=\"wp-image-602\" srcset=\"https:\/\/antoniofontoura.com.br\/site\/wp-content\/uploads\/2023\/08\/capa_tertuliano_3.jpg 231w, https:\/\/antoniofontoura.com.br\/site\/wp-content\/uploads\/2023\/08\/capa_tertuliano_3-211x300.jpg 211w, https:\/\/antoniofontoura.com.br\/site\/wp-content\/uploads\/2023\/08\/capa_tertuliano_3-106x150.jpg 106w\" sizes=\"(max-width: 231px) 100vw, 231px\" \/><figcaption class=\"wp-element-caption\"> <\/figcaption><\/figure><\/div>\n\n<div class=\"wp-block-image\">\n<figure class=\"aligncenter size-full\"><a href=\"https:\/\/www.amazon.com.br\/dp\/B0C66CJSJK\"><img decoding=\"async\" loading=\"lazy\" width=\"68\" height=\"25\" src=\"https:\/\/antoniofontoura.com.br\/site\/wp-content\/uploads\/2021\/11\/testeamz.jpg\" alt=\"\" class=\"wp-image-467\"\/><\/a><\/figure><\/div>\n\n\n<hr class=\"wp-block-separator has-alpha-channel-opacity\"\/>\n\n\n\n<p><strong>Sobre a obra<\/strong><\/p>\n\n\n\n<p>\u201cContra Marci\u00e3o\u201d (ou \u201cAdversus Marcionem\u201d, em latim), escrita por Tertuliano em cerca de 208, \u00e9 uma das mais antigas e importantes obras de defesa de uma concep\u00e7\u00e3o do cristianismo que acabaria se firmando historicamente como ortodoxia religiosa. Seu objetivo principal era o de se opor \u00e0s ideias e ao sistema teol\u00f3gico propostos por Marci\u00e3o, um importante l\u00edder religioso e fundador de uma concep\u00e7\u00e3o espec\u00edfica das ideias de Jesus, que ficou conhecida como marcionismo. \u201cContra Marci\u00e3o\u201d \u00e9 uma obra essencial para o entendimento de algumas das controv\u00e9rsias teol\u00f3gicas e doutrin\u00e1rias na transi\u00e7\u00e3o para o s\u00e9culo III. Atrav\u00e9s desse tratado, Tertuliano deixa um legado duradouro de pensamento teol\u00f3gico e apolog\u00e9tico sobre o cristianismo nascente.<\/p>\n\n\n\n<p>A obra est\u00e1 dividida em cinco livros e aborda diversos aspectos da teologia e da f\u00e9 crist\u00e3. Tertuliano confronta as ideias de Marci\u00e3o sobre Deus, Cristo, a salva\u00e7\u00e3o e a rela\u00e7\u00e3o entre o Antigo e o Novo Testamento. Ele argumenta vigorosamente em defesa da unidade entre o Deus do Antigo Testamento e o Deus revelado em Jesus Cristo.<\/p>\n\n\n\n<p>Tertuliano contesta as vis\u00f5es dualistas de Marci\u00e3o, que separavam o Deus do Antigo Testamento, considerado vingativo e injusto, do Deus do Novo Testamento, apresentado como amoroso e misericordioso. Ele rejeita essa divis\u00e3o e enfatiza a continuidade e a unidade entre as duas partes da B\u00edblia, defendendo a ideia de um \u00fanico Deus, justo e amoroso, que se revela plenamente em Jesus Cristo.<\/p>\n\n\n\n<p>Al\u00e9m disso, Tertuliano critica as pr\u00e1ticas e a \u00e9tica moral dos seguidores de Marci\u00e3o, argumentando que n\u00e3o estariam em conformidade com o verdadeiro ensinamento de Cristo e dos ap\u00f3stolos.<\/p>\n\n\n\n<p><strong>A import\u00e2ncia da obra na atualidade<br><\/strong>A obra \u201cContra Marci\u00e3o\u201d de Tertuliano continua relevante porque, primeiramente, defende a unidade e continuidade da revela\u00e7\u00e3o divina, refutando a vis\u00e3o dualista de Marci\u00e3o e enfatizando a unidade entre o Deus do Antigo Testamento e o Deus que teria se revelado em Jesus Cristo. Esse tema \u00e9 relevante para discuss\u00f5es sobre a rela\u00e7\u00e3o entre a Antiga e a Nova Alian\u00e7a e a consist\u00eancia da mensagem b\u00edblica como um todo.<\/p>\n\n\n\n<p>Al\u00e9m disso, a obra confronta heresias e o que seriam considerados desvios doutrin\u00e1rios, oferecendo modelos que seriam ent\u00e3o adotados sobre como lidar com ensinamentos contr\u00e1rios \u00e0 ortodoxia crist\u00e3. Em um contexto em que surgiam constantemente interpreta\u00e7\u00f5es divergentes do cristianismo, a obra de Tertuliano forneceu argumentos e princ\u00edpios para preservar uma bastante fr\u00e1gil integridade da f\u00e9 crist\u00e3.<\/p>\n\n\n\n<p>\u201cContra Marci\u00e3o\u201d tamb\u00e9m contribui para a forma\u00e7\u00e3o teol\u00f3gica. Como um dos primeiros tratados teol\u00f3gicos escritos na hist\u00f3ria do cristianismo, as reflex\u00f5es de Tertuliano sobre a natureza de Deus, a pessoa de Cristo, a autoridade das Escrituras e a salva\u00e7\u00e3o t\u00eam relev\u00e2ncia para a teologia contempor\u00e2nea. Os argumentos e conceitos apresentados na obra podem ser considerados como fundamentos do pensamento crist\u00e3o e servir como base para reflex\u00f5es teol\u00f3gicas e debates atuais.<\/p>\n\n\n\n<p>Ainda, a obra nos proporciona uma compreens\u00e3o da hist\u00f3ria do cristianismo primitivo. Ela oferece um vislumbre sobre as controv\u00e9rsias teol\u00f3gicas e os debates que ocorreram nos primeiros s\u00e9culos do cristianismo, ajudando-nos a entender melhor o contexto hist\u00f3rico e os desafios enfrentados pelos primeiros crist\u00e3os na conturbada constru\u00e7\u00e3o de sua f\u00e9.<\/p>\n\n\n\n<p>\u201cContra Marci\u00e3o\u201d continua sendo relevante atualmente, pois oferece perspectivas teol\u00f3gicas, argumentos apolog\u00e9ticos e perspectivas hist\u00f3ricas que contribuem para o entendimento e do cristianismo, sua hist\u00f3ria e seu desenvolvimento.<\/p>\n\n\n\n<figure class=\"wp-block-embed is-type-rich is-provider-amazon wp-block-embed-amazon\"><div class=\"wp-block-embed__wrapper\">\n<iframe loading=\"lazy\" title=\"Contra Marci\u00e3o\" type=\"text\/html\" width=\"900\" height=\"550\" frameborder=\"0\" allowfullscreen style=\"max-width:100%\" src=\"https:\/\/ler.amazon.com.br\/kp\/card?preview=inline&#038;linkCode=kpd&#038;ref_=k4w_oembed_enkTRFUBGjHyy4&#038;asin=B0C66CJSJK&#038;tag=kpembed-20\"><\/iframe>\n<\/div><\/figure>\n\n\n\n<hr class=\"wp-block-separator has-alpha-channel-opacity\"\/>\n\n\n\n<p><strong>Sobre o Ebook<\/strong><\/p>\n\n\n\n<p>N\u00famero de p\u00e1ginas \u200f : \u200e 455 p\u00e1ginas<br>Tamanho do arquivo \u200f : \u200e 1535 KB<br>Leitura de texto \u200f : \u200e Habilitado<br>Leitor de tela \u200f : \u200e Compat\u00edvel<br>Configura\u00e7\u00e3o de fonte \u200f : \u200e Habilitado<\/p>\n","protected":false},"excerpt":{"rendered":"<p>De Tertuliano Sobre a obra \u201cContra Marci\u00e3o\u201d (ou \u201cAdversus Marcionem\u201d, em latim), escrita por Tertuliano em cerca de 208, \u00e9 uma das mais antigas e importantes obras de defesa de uma concep\u00e7\u00e3o do cristianismo que acabaria se firmando historicamente como ortodoxia religiosa. Seu objetivo principal era o de se opor\u2026<\/p>\n<p class=\"continue-reading-button\"> <a class=\"continue-reading-link\" href=\"https:\/\/antoniofontoura.com.br\/site\/principais-obras\/contra-marciao\/\">Leia mais<i class=\"crycon-right-dir\"><\/i><\/a><\/p>\n","protected":false},"author":1,"featured_media":0,"parent":42,"menu_order":0,"comment_status":"closed","ping_status":"closed","template":"","meta":[],"_links":{"self":[{"href":"https:\/\/antoniofontoura.com.br\/site\/wp-json\/wp\/v2\/pages\/671"}],"collection":[{"href":"https:\/\/antoniofontoura.com.br\/site\/wp-json\/wp\/v2\/pages"}],"about":[{"href":"https:\/\/antoniofontoura.com.br\/site\/wp-json\/wp\/v2\/types\/page"}],"author":[{"embeddable":true,"href":"https:\/\/antoniofontoura.com.br\/site\/wp-json\/wp\/v2\/users\/1"}],"replies":[{"embeddable":true,"href":"https:\/\/antoniofontoura.com.br\/site\/wp-json\/wp\/v2\/comments?post=671"}],"version-history":[{"count":2,"href":"https:\/\/antoniofontoura.com.br\/site\/wp-json\/wp\/v2\/pages\/671\/revisions"}],"predecessor-version":[{"id":1111,"href":"https:\/\/antoniofontoura.com.br\/site\/wp-json\/wp\/v2\/pages\/671\/revisions\/1111"}],"up":[{"embeddable":true,"href":"https:\/\/antoniofontoura.com.br\/site\/wp-json\/wp\/v2\/pages\/42"}],"wp:attachment":[{"href":"https:\/\/antoniofontoura.com.br\/site\/wp-json\/wp\/v2\/media?parent=671"}],"curies":[{"name":"wp","href":"https:\/\/api.w.org\/{rel}","templated":true}]}}