{"id":739,"date":"2024-03-01T19:57:25","date_gmt":"2024-03-01T19:57:25","guid":{"rendered":"https:\/\/antoniofontoura.com.br\/site\/?page_id=739"},"modified":"2024-10-31T17:29:57","modified_gmt":"2024-10-31T17:29:57","slug":"as-dinamicas-da-mudanca-cultural","status":"publish","type":"page","link":"https:\/\/antoniofontoura.com.br\/site\/principais-obras\/as-dinamicas-da-mudanca-cultural\/","title":{"rendered":"As Din\u00e2micas da Mudan\u00e7a Cultural"},"content":{"rendered":"\n<h2 class=\"wp-block-heading\">Bronislaw Malinowski<\/h2>\n\n\n<div class=\"wp-block-image\">\n<figure class=\"aligncenter size-full\"><a href=\"https:\/\/www.amazon.com.br\/dp\/B0CSF5NH7X\"><img decoding=\"async\" loading=\"lazy\" width=\"231\" height=\"328\" src=\"https:\/\/antoniofontoura.com.br\/site\/wp-content\/uploads\/2024\/03\/capinha_malinowski.jpg\" alt=\"\" class=\"wp-image-740\" srcset=\"https:\/\/antoniofontoura.com.br\/site\/wp-content\/uploads\/2024\/03\/capinha_malinowski.jpg 231w, https:\/\/antoniofontoura.com.br\/site\/wp-content\/uploads\/2024\/03\/capinha_malinowski-211x300.jpg 211w, https:\/\/antoniofontoura.com.br\/site\/wp-content\/uploads\/2024\/03\/capinha_malinowski-106x150.jpg 106w\" sizes=\"(max-width: 231px) 100vw, 231px\" \/><\/a><figcaption class=\"wp-element-caption\"> <\/figcaption><\/figure><\/div>\n\n<div class=\"wp-block-image\">\n<figure class=\"aligncenter size-full\"><a href=\"https:\/\/clubedeautores.com.br\/livro\/as-dinamicas-da-mudanca-cultural\"><img decoding=\"async\" loading=\"lazy\" width=\"74\" height=\"28\" src=\"https:\/\/antoniofontoura.com.br\/site\/wp-content\/uploads\/2022\/10\/clube_autores_pq.jpg\" alt=\"\" class=\"wp-image-534\"\/><\/a><\/figure><\/div>\n\n\n<h3 class=\"wp-block-heading has-text-align-center\">Prefere Ebooks? Adquira o Ebook pela <a href=\"https:\/\/www.amazon.com.br\/dp\/B0CSF5NH7X\">Amazon<\/a>.<\/h3>\n\n\n\n<hr class=\"wp-block-separator has-alpha-channel-opacity\"\/>\n\n\n\n<p class=\"has-small-font-size\"><a href=\"http:\/\/antoniofontoura.com.br\/site\/category\/malinowski\/\">Conhe\u00e7a nossos post sobre Bronislaw Malinowski.<\/a><\/p>\n\n\n\n<p>O leitor tem agora, \u00e0 sua disposi\u00e7\u00e3o em portugu\u00eas, &#8220;As din\u00e2micas da mudan\u00e7a cultural&#8221;, do antrop\u00f3logo polon\u00eas Bronislaw Malinowski, um dos mais influentes autores de sua \u00e1rea, e refer\u00eancia nos estudos da antropologia social. Revolucion\u00e1rio em seus m\u00e9todos, e especialmente influente com sua magn\u00edfica obra &#8220;Argonautas do Pac\u00edfico Ocidental&#8221;, Malinowski aparece aqui em uma obra menos conhecida, sem d\u00favida menos discutida, mas absolutamente impactante &#8211; pelas piores raz\u00f5es, diga-se de passagem.<\/p>\n\n\n\n<p>A &#8220;mudan\u00e7a cultural&#8221; do t\u00edtulo se refere, especificamente, ao processo de acultura\u00e7\u00e3o promovido pelos europeus sobre os povos africanos. Por\u00e9m, Malinowski n\u00e3o busca uma an\u00e1lise objetiva desse contato cultural. O objetivo expl\u00edcito de sua argumenta\u00e7\u00e3o \u00e9 construir &#8211; por meio de uma &#8220;Antropologia aplicada&#8221;, como ele denomina &#8211; uma esp\u00e9cie de &#8220;manual do colonizador&#8221;, indicando as formas pelas quais os europeus deveriam agir para que seus objetivos na explora\u00e7\u00e3o dos territ\u00f3rios africanos tivesse sucesso.<\/p>\n\n\n\n<p>Na primeira parte de &#8220;As din\u00e2micas da mudan\u00e7a cultural&#8221;, Malinowski discute aspectos te\u00f3ricos de sua abordagem. Aqui, h\u00e1 uma descri\u00e7\u00e3o bastante did\u00e1tica, n\u00e3o presente em outras de suas obras, do que seria a abordagem funcionalista em antropologia: seus fundamentos, suas caracter\u00edsticas, e o que seriam suas vantagens anal\u00edticas.<\/p>\n\n\n\n<p>A segunda parte da obra trata de quest\u00f5es mais pr\u00e1ticas do processo de coloniza\u00e7\u00e3o europeu na \u00c1frica em alguns de seus aspectos mais sens\u00edveis: a quest\u00e3o da alimenta\u00e7\u00e3o das popula\u00e7\u00f5es nativas, a bruxaria, a posse de terras e especialmente a administra\u00e7\u00e3o indireta dos povos africanos que estavam sendo submetidos ao processo colonial europeu.<\/p>\n\n\n\n<p>Em todos os momentos Malinowski deixa evidente seu desgosto em rela\u00e7\u00e3o \u00e0s culturas ind\u00edgenas africanas, bem como seu encantamento pela civiliza\u00e7\u00e3o europeia que ele considera indiscuvelmente superior.<\/p>\n\n\n\n<p>Quando seus di\u00e1rios de pesquisa nas ilhas Trobriand foram publicados (&#8220;Um di\u00e1rio no sentido estrito do termo&#8221;, publicado no Brasil em 1997), seus desabafos racistas contra a popula\u00e7\u00e3o &#8220;selvagem&#8221; que ele estudava foram descartados, por n\u00e3o poucos intelectuais, como meros desabafos privados, sem rela\u00e7\u00e3o com suas verdadeiras ideias sobre a diversidade das culturas humanas. Em &#8220;As din\u00e2micas da mudan\u00e7a cultural&#8221;, por\u00e9m, Malinowski fala a todos, tornando n\u00e3o apenas p\u00fablica e refor\u00e7ando sua avers\u00e3o \u00e0s comunidades tradicionais africanas, como procurando instrumentalizar, de maneira obscena, a Antropologia em benef\u00edcio de uma processo colonial de sucesso.<\/p>\n\n\n\n<p>A publica\u00e7\u00e3o desta obra em portugu\u00eas certamente n\u00e3o diminuir\u00e1 em nada a grandeza de uma obra como &#8220;Argonautas do Pac\u00edfico Ocidental&#8221;. Mas certamente evidencia que, sem quaisquer informantes ind\u00edgenas a gui\u00e1-lo na interpreta\u00e7\u00e3o e descri\u00e7\u00e3o de realidades n\u00e3o-europeias, e deixado sozinho com suas pr\u00f3prias maquina\u00e7\u00f5es e preconceitos, Malinowski se revela um colonialista c\u00ednico.<\/p>\n\n\n\n<figure class=\"wp-block-embed is-type-rich is-provider-amazon wp-block-embed-amazon\"><div class=\"wp-block-embed__wrapper\">\n<iframe loading=\"lazy\" title=\"As Din\u00e2micas da Mudan\u00e7a Cultural: Uma pesquisa sobre rela\u00e7\u00f5es raciais na \u00c1frica\" type=\"text\/html\" width=\"900\" height=\"550\" frameborder=\"0\" allowfullscreen style=\"max-width:100%\" src=\"https:\/\/ler.amazon.com.br\/kp\/card?preview=inline&#038;linkCode=kpd&#038;ref_=k4w_oembed_TOU9krBidBj1IJ&#038;asin=B0CSF5NH7X&#038;tag=kpembed-20\"><\/iframe>\n<\/div><\/figure>\n\n\n\n<p><strong>Sobre o livro:<\/strong><\/p>\n\n\n\n<p>ISBN 9786500956672<br>N\u00famero de p\u00e1ginas 203<br>Edi\u00e7\u00e3o 1 (2024)<br>Formato A5 (148&#215;210)<br>Acabamento Brochura c\/ orelha<br>Colora\u00e7\u00e3o Preto e branco<br>Tipo de papel Offset 75g<br>Idioma Portugu\u00eas<\/p>\n","protected":false},"excerpt":{"rendered":"<p>Bronislaw Malinowski Prefere Ebooks? Adquira o Ebook pela Amazon. Conhe\u00e7a nossos post sobre Bronislaw Malinowski. O leitor tem agora, \u00e0 sua disposi\u00e7\u00e3o em portugu\u00eas, &#8220;As din\u00e2micas da mudan\u00e7a cultural&#8221;, do antrop\u00f3logo polon\u00eas Bronislaw Malinowski, um dos mais influentes autores de sua \u00e1rea, e refer\u00eancia nos estudos da antropologia social. Revolucion\u00e1rio\u2026<\/p>\n<p class=\"continue-reading-button\"> <a class=\"continue-reading-link\" href=\"https:\/\/antoniofontoura.com.br\/site\/principais-obras\/as-dinamicas-da-mudanca-cultural\/\">Leia mais<i class=\"crycon-right-dir\"><\/i><\/a><\/p>\n","protected":false},"author":1,"featured_media":0,"parent":42,"menu_order":0,"comment_status":"closed","ping_status":"closed","template":"","meta":[],"_links":{"self":[{"href":"https:\/\/antoniofontoura.com.br\/site\/wp-json\/wp\/v2\/pages\/739"}],"collection":[{"href":"https:\/\/antoniofontoura.com.br\/site\/wp-json\/wp\/v2\/pages"}],"about":[{"href":"https:\/\/antoniofontoura.com.br\/site\/wp-json\/wp\/v2\/types\/page"}],"author":[{"embeddable":true,"href":"https:\/\/antoniofontoura.com.br\/site\/wp-json\/wp\/v2\/users\/1"}],"replies":[{"embeddable":true,"href":"https:\/\/antoniofontoura.com.br\/site\/wp-json\/wp\/v2\/comments?post=739"}],"version-history":[{"count":2,"href":"https:\/\/antoniofontoura.com.br\/site\/wp-json\/wp\/v2\/pages\/739\/revisions"}],"predecessor-version":[{"id":1106,"href":"https:\/\/antoniofontoura.com.br\/site\/wp-json\/wp\/v2\/pages\/739\/revisions\/1106"}],"up":[{"embeddable":true,"href":"https:\/\/antoniofontoura.com.br\/site\/wp-json\/wp\/v2\/pages\/42"}],"wp:attachment":[{"href":"https:\/\/antoniofontoura.com.br\/site\/wp-json\/wp\/v2\/media?parent=739"}],"curies":[{"name":"wp","href":"https:\/\/api.w.org\/{rel}","templated":true}]}}

As Dinâmicas da Mudança Cultural

<h2 class="wp-block-heading">Bronislaw Malinowski</h2>


<div class="wp-block-image">
<figure class="aligncenter size-full"><a href="https://www.amazon.com.br/dp/B0CSF5NH7X"><img decoding="async" loading="lazy" width="231" height="328" src="https://antoniofontoura.com.br/site/wp-content/uploads/2024/03/capinha_malinowski.jpg" alt="" class="wp-image-740" srcset="https://antoniofontoura.com.br/site/wp-content/uploads/2024/03/capinha_malinowski.jpg 231w, https://antoniofontoura.com.br/site/wp-content/uploads/2024/03/capinha_malinowski-211x300.jpg 211w, https://antoniofontoura.com.br/site/wp-content/uploads/2024/03/capinha_malinowski-106x150.jpg 106w" sizes="(max-width: 231px) 100vw, 231px" /></a><figcaption class="wp-element-caption"> </figcaption></figure></div>

<div class="wp-block-image">
<figure class="aligncenter size-full"><a href="https://clubedeautores.com.br/livro/as-dinamicas-da-mudanca-cultural"><img decoding="async" loading="lazy" width="74" height="28" src="https://antoniofontoura.com.br/site/wp-content/uploads/2022/10/clube_autores_pq.jpg" alt="" class="wp-image-534"/></a></figure></div>


<h3 class="wp-block-heading has-text-align-center">Prefere Ebooks? Adquira o Ebook pela <a href="https://www.amazon.com.br/dp/B0CSF5NH7X">Amazon</a>.</h3>



<hr class="wp-block-separator has-alpha-channel-opacity"/>



<p class="has-small-font-size"><a href="http://antoniofontoura.com.br/site/category/malinowski/">Conheça nossos post sobre Bronislaw Malinowski.</a></p>



<p>O leitor tem agora, à sua disposição em português, &#8220;As dinâmicas da mudança cultural&#8221;, do antropólogo polonês Bronislaw Malinowski, um dos mais influentes autores de sua área, e referência nos estudos da antropologia social. Revolucionário em seus métodos, e especialmente influente com sua magnífica obra &#8220;Argonautas do Pacífico Ocidental&#8221;, Malinowski aparece aqui em uma obra menos conhecida, sem dúvida menos discutida, mas absolutamente impactante &#8211; pelas piores razões, diga-se de passagem.</p>



<p>A &#8220;mudança cultural&#8221; do título se refere, especificamente, ao processo de aculturação promovido pelos europeus sobre os povos africanos. Porém, Malinowski não busca uma análise objetiva desse contato cultural. O objetivo explícito de sua argumentação é construir &#8211; por meio de uma &#8220;Antropologia aplicada&#8221;, como ele denomina &#8211; uma espécie de &#8220;manual do colonizador&#8221;, indicando as formas pelas quais os europeus deveriam agir para que seus objetivos na exploração dos territórios africanos tivesse sucesso.</p>



<p>Na primeira parte de &#8220;As dinâmicas da mudança cultural&#8221;, Malinowski discute aspectos teóricos de sua abordagem. Aqui, há uma descrição bastante didática, não presente em outras de suas obras, do que seria a abordagem funcionalista em antropologia: seus fundamentos, suas características, e o que seriam suas vantagens analíticas.</p>



<p>A segunda parte da obra trata de questões mais práticas do processo de colonização europeu na África em alguns de seus aspectos mais sensíveis: a questão da alimentação das populações nativas, a bruxaria, a posse de terras e especialmente a administração indireta dos povos africanos que estavam sendo submetidos ao processo colonial europeu.</p>



<p>Em todos os momentos Malinowski deixa evidente seu desgosto em relação às culturas indígenas africanas, bem como seu encantamento pela civilização europeia que ele considera indiscuvelmente superior.</p>



<p>Quando seus diários de pesquisa nas ilhas Trobriand foram publicados (&#8220;Um diário no sentido estrito do termo&#8221;, publicado no Brasil em 1997), seus desabafos racistas contra a população &#8220;selvagem&#8221; que ele estudava foram descartados, por não poucos intelectuais, como meros desabafos privados, sem relação com suas verdadeiras ideias sobre a diversidade das culturas humanas. Em &#8220;As dinâmicas da mudança cultural&#8221;, porém, Malinowski fala a todos, tornando não apenas pública e reforçando sua aversão às comunidades tradicionais africanas, como procurando instrumentalizar, de maneira obscena, a Antropologia em benefício de uma processo colonial de sucesso.</p>



<p>A publicação desta obra em português certamente não diminuirá em nada a grandeza de uma obra como &#8220;Argonautas do Pacífico Ocidental&#8221;. Mas certamente evidencia que, sem quaisquer informantes indígenas a guiá-lo na interpretação e descrição de realidades não-europeias, e deixado sozinho com suas próprias maquinações e preconceitos, Malinowski se revela um colonialista cínico.</p>



<figure class="wp-block-embed is-type-rich is-provider-amazon wp-block-embed-amazon"><div class="wp-block-embed__wrapper">
<iframe loading="lazy" title="As Dinâmicas da Mudança Cultural: Uma pesquisa sobre relações raciais na África" type="text/html" width="900" height="550" frameborder="0" allowfullscreen style="max-width:100%" src="https://ler.amazon.com.br/kp/card?preview=inline&#038;linkCode=kpd&#038;ref_=k4w_oembed_TOU9krBidBj1IJ&#038;asin=B0CSF5NH7X&#038;tag=kpembed-20"></iframe>
</div></figure>



<p><strong>Sobre o livro:</strong></p>



<p>ISBN 9786500956672<br>Número de páginas 203<br>Edição 1 (2024)<br>Formato A5 (148&#215;210)<br>Acabamento Brochura c/ orelha<br>Coloração Preto e branco<br>Tipo de papel Offset 75g<br>Idioma Português</p>

<p>Bronislaw Malinowski Prefere Ebooks? Adquira o Ebook pela Amazon. Conheça nossos post sobre Bronislaw Malinowski. O leitor tem agora, à sua disposição em português, &#8220;As dinâmicas da mudança cultural&#8221;, do antropólogo polonês Bronislaw Malinowski, um dos mais influentes autores de sua área, e referência nos estudos da antropologia social. Revolucionário…</p>
<p class="continue-reading-button"> <a class="continue-reading-link" href="https://antoniofontoura.com.br/site/principais-obras/as-dinamicas-da-mudanca-cultural/">Leia mais<i class="crycon-right-dir"></i></a></p>
