{"id":752,"date":"2024-03-04T20:49:51","date_gmt":"2024-03-04T20:49:51","guid":{"rendered":"https:\/\/antoniofontoura.com.br\/site\/?page_id=752"},"modified":"2024-10-31T17:39:24","modified_gmt":"2024-10-31T17:39:24","slug":"historia-romana-as-guerras-civis","status":"publish","type":"page","link":"https:\/\/antoniofontoura.com.br\/site\/principais-obras\/historia-romana-as-guerras-civis\/","title":{"rendered":"Hist\u00f3ria Romana: As Guerras Civis"},"content":{"rendered":"\n<h3 class=\"wp-block-heading\">Apiano de Alexandria<\/h3>\n\n\n<div class=\"wp-block-image\">\n<figure class=\"aligncenter size-full\"><img decoding=\"async\" loading=\"lazy\" width=\"231\" height=\"328\" src=\"https:\/\/antoniofontoura.com.br\/site\/wp-content\/uploads\/2024\/03\/capinha_apiano.jpg\" alt=\"\" class=\"wp-image-753\" srcset=\"https:\/\/antoniofontoura.com.br\/site\/wp-content\/uploads\/2024\/03\/capinha_apiano.jpg 231w, https:\/\/antoniofontoura.com.br\/site\/wp-content\/uploads\/2024\/03\/capinha_apiano-211x300.jpg 211w, https:\/\/antoniofontoura.com.br\/site\/wp-content\/uploads\/2024\/03\/capinha_apiano-106x150.jpg 106w\" sizes=\"(max-width: 231px) 100vw, 231px\" \/><figcaption class=\"wp-element-caption\"> <\/figcaption><\/figure><\/div>\n\n\n<div class=\"wp-block-columns is-layout-flex wp-container-3\">\n<div class=\"wp-block-column is-layout-flow\"><div class=\"wp-block-image\">\n<figure class=\"aligncenter size-full\"><a href=\"https:\/\/clubedeautores.com.br\/livro\/historia-romana\"><img decoding=\"async\" loading=\"lazy\" width=\"74\" height=\"28\" src=\"https:\/\/antoniofontoura.com.br\/site\/wp-content\/uploads\/2022\/10\/clube_autores_pq.jpg\" alt=\"\" class=\"wp-image-534\"\/><\/a><figcaption class=\"wp-element-caption\">Livro Impresso<\/figcaption><\/figure><\/div><\/div>\n\n\n\n<div class=\"wp-block-column is-layout-flow\"><div class=\"wp-block-image\">\n<figure class=\"aligncenter size-full\"><a href=\"https:\/\/www.amazon.com.br\/dp\/B0CW1CGQNK\"><img decoding=\"async\" loading=\"lazy\" width=\"68\" height=\"25\" src=\"https:\/\/antoniofontoura.com.br\/site\/wp-content\/uploads\/2021\/11\/testeamz.jpg\" alt=\"\" class=\"wp-image-467\"\/><\/a><figcaption class=\"wp-element-caption\">Ebook<\/figcaption><\/figure><\/div><\/div>\n<\/div>\n\n\n\n<hr class=\"wp-block-separator has-alpha-channel-opacity\"\/>\n\n\n\n<p><a href=\"http:\/\/antoniofontoura.com.br\/site\/category\/apiano\/\">Conhe\u00e7a nossos post sobre &#8220;Apiano&#8221;.<\/a><\/p>\n\n\n\n<p>Apiano de Alexandria, um advogado, historiador grego e cidad\u00e3o romano do s\u00e9culo II d.C., deixou sua marca na hist\u00f3ria com sua obra &#8220;Hist\u00f3ria Romana&#8221;, uma tentativa abrangente de narrar a saga de Roma, desde os mitos de Eneias at\u00e9 o reinado de Trajano.<\/p>\n\n\n\n<p>Embora a obra completa, originalmente composta de 24 volumes, tenha se perdido ao longo dos s\u00e9culos, cinco dos seus livros mais significativos e influentes, que tratam das &#8220;Guerras Civis&#8221;, sobreviveram at\u00e9 os dias atuais, apresentando-se pela primeira vez aos leitores de l\u00edngua portuguesa.<\/p>\n\n\n\n<p>A obra &#8220;As Guerras Civis&#8221; ocupa um lugar central na &#8220;Hist\u00f3ria Romana&#8221; de Apiano. Nessa obra, ele detalha o processo de tumulto que se inicia com conflitos pol\u00edticos entre o Senado e os representantes dos plebeus, os quais rapidamente degeneram em confrontos armados. Apiano descreve minuciosamente as diversas batalhas envolvendo os protagonistas dessas guerras civis, evidenciando como a estrutura pol\u00edtica estabelecida pela Rep\u00fablica Romana n\u00e3o conseguiu conter a ascens\u00e3o de indiv\u00edduos e seus ex\u00e9rcitos privados em busca de poder. Figuras como Sula, Pompeu, J\u00falio C\u00e9sar e Marco Ant\u00f4nio, munidas de vastas riquezas e for\u00e7as militares, disputam o controle supremo de Roma, muitas vezes recorrendo a a\u00e7\u00f5es que hoje seriam consideradas crimes de guerra.<\/p>\n\n\n\n<p>De maneira envolvente, Apiano explora as motiva\u00e7\u00f5es dos principais protagonistas dessas guerras civis, ao mesmo tempo em que n\u00e3o deixa de abordar os desafios enfrentados pela popula\u00e7\u00e3o comum, que sofria com a viol\u00eancia e o aumento de impostos \u2014 afinal, as guerras precisavam ser financiadas.<\/p>\n\n\n\n<p>Al\u00e9m de sua import\u00e2ncia hist\u00f3rica e narrativa fluida, a obra &#8220;As Guerras Civis&#8221; de Apiano oferece uma oportunidade \u00fanica para leitores e leitoras mergulharem nos meandros da pol\u00edtica, da ambi\u00e7\u00e3o humana e das complexidades sociais de uma Roma em constante transforma\u00e7\u00e3o.<\/p>\n\n\n\n<figure class=\"wp-block-embed is-type-rich is-provider-amazon wp-block-embed-amazon\"><div class=\"wp-block-embed__wrapper\">\n<iframe loading=\"lazy\" title=\"Hist\u00f3ria Romana: As Guerras Civis\" type=\"text\/html\" width=\"900\" height=\"550\" frameborder=\"0\" allowfullscreen style=\"max-width:100%\" src=\"https:\/\/ler.amazon.com.br\/kp\/card?preview=inline&#038;linkCode=kpd&#038;ref_=k4w_oembed_FSQn4t6yxHbeWS&#038;asin=B0CW1CGQNK&#038;tag=kpembed-20\"><\/iframe>\n<\/div><\/figure>\n\n\n\n<hr class=\"wp-block-separator has-alpha-channel-opacity\"\/>\n\n\n\n<p>N\u00famero de p\u00e1ginas: 408<br>Edi\u00e7\u00e3o: 1 (2024)<br>Formato: A5 (148&#215;210)<br>Acabamento: Brochura c\/ orelha<br>Colora\u00e7\u00e3o: Preto e branco<br>Tipo de papel: Offset 75g<br>Idioma: Portugu\u00eas<\/p>\n","protected":false},"excerpt":{"rendered":"<p>Apiano de Alexandria Conhe\u00e7a nossos post sobre &#8220;Apiano&#8221;. Apiano de Alexandria, um advogado, historiador grego e cidad\u00e3o romano do s\u00e9culo II d.C., deixou sua marca na hist\u00f3ria com sua obra &#8220;Hist\u00f3ria Romana&#8221;, uma tentativa abrangente de narrar a saga de Roma, desde os mitos de Eneias at\u00e9 o reinado de\u2026<\/p>\n<p class=\"continue-reading-button\"> <a class=\"continue-reading-link\" href=\"https:\/\/antoniofontoura.com.br\/site\/principais-obras\/historia-romana-as-guerras-civis\/\">Leia mais<i class=\"crycon-right-dir\"><\/i><\/a><\/p>\n","protected":false},"author":1,"featured_media":0,"parent":42,"menu_order":0,"comment_status":"closed","ping_status":"closed","template":"","meta":[],"_links":{"self":[{"href":"https:\/\/antoniofontoura.com.br\/site\/wp-json\/wp\/v2\/pages\/752"}],"collection":[{"href":"https:\/\/antoniofontoura.com.br\/site\/wp-json\/wp\/v2\/pages"}],"about":[{"href":"https:\/\/antoniofontoura.com.br\/site\/wp-json\/wp\/v2\/types\/page"}],"author":[{"embeddable":true,"href":"https:\/\/antoniofontoura.com.br\/site\/wp-json\/wp\/v2\/users\/1"}],"replies":[{"embeddable":true,"href":"https:\/\/antoniofontoura.com.br\/site\/wp-json\/wp\/v2\/comments?post=752"}],"version-history":[{"count":5,"href":"https:\/\/antoniofontoura.com.br\/site\/wp-json\/wp\/v2\/pages\/752\/revisions"}],"predecessor-version":[{"id":1121,"href":"https:\/\/antoniofontoura.com.br\/site\/wp-json\/wp\/v2\/pages\/752\/revisions\/1121"}],"up":[{"embeddable":true,"href":"https:\/\/antoniofontoura.com.br\/site\/wp-json\/wp\/v2\/pages\/42"}],"wp:attachment":[{"href":"https:\/\/antoniofontoura.com.br\/site\/wp-json\/wp\/v2\/media?parent=752"}],"curies":[{"name":"wp","href":"https:\/\/api.w.org\/{rel}","templated":true}]}}