{"id":780,"date":"2024-03-11T17:41:07","date_gmt":"2024-03-11T17:41:07","guid":{"rendered":"https:\/\/antoniofontoura.com.br\/site\/?page_id=780"},"modified":"2024-10-31T17:47:42","modified_gmt":"2024-10-31T17:47:42","slug":"os-quadros-sociais-da-memoria","status":"publish","type":"page","link":"https:\/\/antoniofontoura.com.br\/site\/principais-obras\/os-quadros-sociais-da-memoria\/","title":{"rendered":"Os quadros sociais da mem\u00f3ria"},"content":{"rendered":"\n<h2 class=\"wp-block-heading\">Maurice Halbwachs<\/h2>\n\n\n<div class=\"wp-block-image\">\n<figure class=\"aligncenter size-full\"><a href=\"https:\/\/clubedeautores.com.br\/livro\/os-quadros-sociais-da-memoria\"><img decoding=\"async\" loading=\"lazy\" width=\"231\" height=\"328\" src=\"https:\/\/antoniofontoura.com.br\/site\/wp-content\/uploads\/2024\/03\/capinha_paisagem.jpg\" alt=\"\" class=\"wp-image-782\" srcset=\"https:\/\/antoniofontoura.com.br\/site\/wp-content\/uploads\/2024\/03\/capinha_paisagem.jpg 231w, https:\/\/antoniofontoura.com.br\/site\/wp-content\/uploads\/2024\/03\/capinha_paisagem-211x300.jpg 211w, https:\/\/antoniofontoura.com.br\/site\/wp-content\/uploads\/2024\/03\/capinha_paisagem-106x150.jpg 106w\" sizes=\"(max-width: 231px) 100vw, 231px\" \/><\/a><figcaption class=\"wp-element-caption\"> <\/figcaption><\/figure><\/div>\n\n\n<div class=\"wp-block-columns is-layout-flex wp-container-3\">\n<div class=\"wp-block-column is-layout-flow\"><div class=\"wp-block-image\">\n<figure class=\"aligncenter size-full\"><a href=\"https:\/\/clubedeautores.com.br\/livro\/os-quadros-sociais-da-memoria\"><img decoding=\"async\" loading=\"lazy\" width=\"74\" height=\"28\" src=\"https:\/\/antoniofontoura.com.br\/site\/wp-content\/uploads\/2022\/10\/clube_autores_pq.jpg\" alt=\"\" class=\"wp-image-534\"\/><\/a><\/figure><\/div><\/div>\n\n\n\n<div class=\"wp-block-column is-layout-flow\"><div class=\"wp-block-image\">\n<figure class=\"aligncenter size-full\"><a href=\"https:\/\/www.amazon.com.br\/dp\/B0CHQN7X4D\"><img decoding=\"async\" loading=\"lazy\" width=\"68\" height=\"25\" src=\"https:\/\/antoniofontoura.com.br\/site\/wp-content\/uploads\/2021\/11\/testeamz.jpg\" alt=\"\" class=\"wp-image-467\"\/><\/a><\/figure><\/div><\/div>\n<\/div>\n\n\n\n<hr class=\"wp-block-separator has-alpha-channel-opacity\"\/>\n\n\n\n<p><a href=\"http:\/\/antoniofontoura.com.br\/site\/category\/halbwachs\/\">Conhe\u00e7a nossos post sobre &#8220;Maurice Halbwachs&#8221;.<\/a><\/p>\n\n\n\n<p>Maurice Halbwachs (1877-1945) \u00e9 uma figura central na hist\u00f3ria da sociologia da mem\u00f3ria, sendo amplamente reconhecido como o verdadeiro pioneiro e te\u00f3rico desse campo de estudo. Sua obra seminal, &#8220;Os Quadros Sociais da Mem\u00f3ria,&#8221; publicada pela primeira vez em 1925, representa uma contribui\u00e7\u00e3o fundamental para a compreens\u00e3o das complexas intera\u00e7\u00f5es entre mem\u00f3ria individual e mem\u00f3ria coletiva, assim como a influ\u00eancia da sociedade na forma\u00e7\u00e3o das lembran\u00e7as.<\/p>\n\n\n\n<p>Halbwachs, em sua obra, mergulha profundamente na investiga\u00e7\u00e3o de como a mem\u00f3ria individual n\u00e3o existe isoladamente, mas est\u00e1 intrinsicamente conectada \u00e0 mem\u00f3ria coletiva de um grupo social espec\u00edfico. Ele argumenta que nossas lembran\u00e7as s\u00e3o moldadas e influenciadas pelos contextos sociais em que vivemos e pelos grupos aos quais pertencemos. Isso significa que nossas experi\u00eancias e mem\u00f3rias pessoais n\u00e3o s\u00e3o apenas produtos individuais, mas s\u00e3o fortemente moldadas pelas influ\u00eancias da sociedade em que estamos inseridos.<\/p>\n\n\n\n<p>Os impactos dessa teoria reverberam em diversas disciplinas, especialmente na hist\u00f3ria e na sociologia. Historiadores e soci\u00f3logos passaram a adotar uma abordagem mais contextualizada ao estudar eventos passados, compreendendo que as mem\u00f3rias individuais est\u00e3o intrinsecamente ligadas \u00e0s mem\u00f3rias compartilhadas pela sociedade em que vivemos. Isso levou a uma compreens\u00e3o mais rica e nuanceada da constru\u00e7\u00e3o da hist\u00f3ria e da identidade coletiva.<\/p>\n\n\n\n<p>A relev\u00e2ncia da obra de Halbwachs permanece ineg\u00e1vel nos dias de hoje. \u00c0 medida que a quest\u00e3o da mem\u00f3ria coletiva se torna cada vez mais importante em nossa sociedade, suas ideias nos convidam a refletir sobre como as lembran\u00e7as s\u00e3o constru\u00eddas, compartilhadas e influenciadas pelos grupos sociais em constante evolu\u00e7\u00e3o. Assim, o legado de Maurice Halbwachs perdura como um farol que ilumina a interse\u00e7\u00e3o entre indiv\u00edduo, sociedade e mem\u00f3ria, permitindo-nos entender melhor quem somos e como chegamos aqui por meio das lentes de nossas lembran\u00e7as.<\/p>\n\n\n\n<figure class=\"wp-block-embed is-type-rich is-provider-amazon wp-block-embed-amazon\"><div class=\"wp-block-embed__wrapper\">\n<iframe loading=\"lazy\" title=\"Os quadros sociais da mem\u00f3ria (Mem\u00f3ria e Sociedade: Maurice Halbwachs)\" type=\"text\/html\" width=\"900\" height=\"550\" frameborder=\"0\" allowfullscreen style=\"max-width:100%\" src=\"https:\/\/ler.amazon.com.br\/kp\/card?preview=inline&#038;linkCode=kpd&#038;ref_=k4w_oembed_WAT6Bri3Zeft02&#038;asin=B0CHQN7X4D&#038;tag=kpembed-20\"><\/iframe>\n<\/div><\/figure>\n\n\n\n<hr class=\"wp-block-separator has-alpha-channel-opacity\"\/>\n\n\n\n<p>ISBN 9786500804669<br>N\u00famero de p\u00e1ginas 332<br>Edi\u00e7\u00e3o 1 (2023)<br>Formato A5 (148&#215;210)<br>Acabamento Brochura c\/ orelha<br>Colora\u00e7\u00e3o Preto e branco<br>Tipo de papel Offset 75g<br>Idioma Portugu\u00eas<\/p>\n","protected":false},"excerpt":{"rendered":"<p>Maurice Halbwachs Conhe\u00e7a nossos post sobre &#8220;Maurice Halbwachs&#8221;. Maurice Halbwachs (1877-1945) \u00e9 uma figura central na hist\u00f3ria da sociologia da mem\u00f3ria, sendo amplamente reconhecido como o verdadeiro pioneiro e te\u00f3rico desse campo de estudo. Sua obra seminal, &#8220;Os Quadros Sociais da Mem\u00f3ria,&#8221; publicada pela primeira vez em 1925, representa uma\u2026<\/p>\n<p class=\"continue-reading-button\"> <a class=\"continue-reading-link\" href=\"https:\/\/antoniofontoura.com.br\/site\/principais-obras\/os-quadros-sociais-da-memoria\/\">Leia mais<i class=\"crycon-right-dir\"><\/i><\/a><\/p>\n","protected":false},"author":1,"featured_media":0,"parent":42,"menu_order":0,"comment_status":"closed","ping_status":"closed","template":"","meta":[],"_links":{"self":[{"href":"https:\/\/antoniofontoura.com.br\/site\/wp-json\/wp\/v2\/pages\/780"}],"collection":[{"href":"https:\/\/antoniofontoura.com.br\/site\/wp-json\/wp\/v2\/pages"}],"about":[{"href":"https:\/\/antoniofontoura.com.br\/site\/wp-json\/wp\/v2\/types\/page"}],"author":[{"embeddable":true,"href":"https:\/\/antoniofontoura.com.br\/site\/wp-json\/wp\/v2\/users\/1"}],"replies":[{"embeddable":true,"href":"https:\/\/antoniofontoura.com.br\/site\/wp-json\/wp\/v2\/comments?post=780"}],"version-history":[{"count":2,"href":"https:\/\/antoniofontoura.com.br\/site\/wp-json\/wp\/v2\/pages\/780\/revisions"}],"predecessor-version":[{"id":1135,"href":"https:\/\/antoniofontoura.com.br\/site\/wp-json\/wp\/v2\/pages\/780\/revisions\/1135"}],"up":[{"embeddable":true,"href":"https:\/\/antoniofontoura.com.br\/site\/wp-json\/wp\/v2\/pages\/42"}],"wp:attachment":[{"href":"https:\/\/antoniofontoura.com.br\/site\/wp-json\/wp\/v2\/media?parent=780"}],"curies":[{"name":"wp","href":"https:\/\/api.w.org\/{rel}","templated":true}]}}