{"id":844,"date":"2024-03-29T17:10:19","date_gmt":"2024-03-29T17:10:19","guid":{"rendered":"https:\/\/antoniofontoura.com.br\/site\/?page_id=844"},"modified":"2024-10-31T17:24:20","modified_gmt":"2024-10-31T17:24:20","slug":"a-prece","status":"publish","type":"page","link":"https:\/\/antoniofontoura.com.br\/site\/principais-obras\/a-prece\/","title":{"rendered":"A Prece"},"content":{"rendered":"\n<h2 class=\"wp-block-heading\">de Marcel Mauss<\/h2>\n\n\n<div class=\"wp-block-image\">\n<figure class=\"aligncenter size-full\"><img decoding=\"async\" loading=\"lazy\" width=\"231\" height=\"328\" src=\"https:\/\/antoniofontoura.com.br\/site\/wp-content\/uploads\/2024\/03\/capinha_prece_Mauss.jpg\" alt=\"\" class=\"wp-image-845\" srcset=\"https:\/\/antoniofontoura.com.br\/site\/wp-content\/uploads\/2024\/03\/capinha_prece_Mauss.jpg 231w, https:\/\/antoniofontoura.com.br\/site\/wp-content\/uploads\/2024\/03\/capinha_prece_Mauss-211x300.jpg 211w, https:\/\/antoniofontoura.com.br\/site\/wp-content\/uploads\/2024\/03\/capinha_prece_Mauss-106x150.jpg 106w\" sizes=\"(max-width: 231px) 100vw, 231px\" \/><figcaption class=\"wp-element-caption\"> <\/figcaption><\/figure><\/div>\n\n\n<div class=\"wp-block-columns is-layout-flex wp-container-3\">\n<div class=\"wp-block-column is-layout-flow\"><div class=\"wp-block-image\">\n<figure class=\"aligncenter size-full\"><a href=\"https:\/\/clubedeautores.com.br\/livro\/a-prece\"><img decoding=\"async\" loading=\"lazy\" width=\"74\" height=\"28\" src=\"https:\/\/antoniofontoura.com.br\/site\/wp-content\/uploads\/2022\/10\/clube_autores_pq.jpg\" alt=\"\" class=\"wp-image-534\"\/><\/a><figcaption class=\"wp-element-caption\">Livro Impresso<\/figcaption><\/figure><\/div><\/div>\n\n\n\n<div class=\"wp-block-column is-layout-flow\"><div class=\"wp-block-image\">\n<figure class=\"aligncenter size-full\"><a href=\"https:\/\/www.amazon.com.br\/dp\/B0CV5J4DTQ\"><img decoding=\"async\" loading=\"lazy\" width=\"68\" height=\"25\" src=\"https:\/\/antoniofontoura.com.br\/site\/wp-content\/uploads\/2021\/11\/testeamz.jpg\" alt=\"\" class=\"wp-image-467\"\/><\/a><figcaption class=\"wp-element-caption\">Ebook<\/figcaption><\/figure><\/div><\/div>\n<\/div>\n\n\n\n<hr class=\"wp-block-separator has-alpha-channel-opacity\"\/>\n\n\n\n<p>Marcel Mauss (1872-1950), renomado soci\u00f3logo e antrop\u00f3logo franc\u00eas, ficou conhecido por suas contribui\u00e7\u00f5es significativas para o entendimento das pr\u00e1ticas sociais e culturais. Embora n\u00e3o tenha conclu\u00eddo sua tese de doutorado sobre &#8220;A Prece&#8221;, sua obra permanece como um marco fundamental em seus estudos. Publicada de forma privada em 1909, a obra oferece uma an\u00e1lise profunda sobre o fen\u00f4meno da ora\u00e7\u00e3o e suas implica\u00e7\u00f5es sociais.<\/p>\n\n\n\n<p>Em &#8220;A Prece&#8221;, Mauss argumenta que a ora\u00e7\u00e3o vai al\u00e9m de uma pr\u00e1tica individual de devo\u00e7\u00e3o religiosa, sendo tamb\u00e9m um ato profundamente enraizado no contexto social. Ele destaca que as formas e os rituais da ora\u00e7\u00e3o s\u00e3o moldados pelas estruturas sociais, cren\u00e7as e valores de uma determinada sociedade. Dessa forma, ao inv\u00e9s de ser vista como uma simples comunica\u00e7\u00e3o com o divino, a ora\u00e7\u00e3o \u00e9 compreendida como uma express\u00e3o complexa das rela\u00e7\u00f5es sociais e da coes\u00e3o comunit\u00e1ria.<\/p>\n\n\n\n<p>A an\u00e1lise de Mauss sobre a natureza social da ora\u00e7\u00e3o tem sido de grande interesse para diversas \u00e1reas do conhecimento, incluindo a antropologia, a sociologia e a teologia.<\/p>\n\n\n\n<p>Embora &#8220;A Prece&#8221; tenha recebido pouca aten\u00e7\u00e3o em compara\u00e7\u00e3o com outras obras de Mauss, sua relev\u00e2ncia perdura como um texto seminal que continua a influenciar o pensamento acad\u00eamico sobre a religi\u00e3o, a sociedade e a cultura.<\/p>\n\n\n\n<figure class=\"wp-block-embed is-type-rich is-provider-amazon wp-block-embed-amazon\"><div class=\"wp-block-embed__wrapper\">\n<iframe loading=\"lazy\" title=\"A Prece\" type=\"text\/html\" width=\"900\" height=\"550\" frameborder=\"0\" allowfullscreen style=\"max-width:100%\" src=\"https:\/\/ler.amazon.com.br\/kp\/card?preview=inline&#038;linkCode=kpd&#038;ref_=k4w_oembed_BOm0sP7ax8koK2&#038;asin=B0CV5J4DTQ&#038;tag=kpembed-20\"><\/iframe>\n<\/div><\/figure>\n\n\n\n<hr class=\"wp-block-separator has-alpha-channel-opacity\"\/>\n\n\n\n<p>ISBN: 9786501120997<br>N\u00famero de p\u00e1ginas: 135<br>Edi\u00e7\u00e3o: 1 (2024)<br>Formato: A5 (148&#215;210)<br>Acabamento: Brochura c\/ orelha<br>Colora\u00e7\u00e3o: Preto e branco<br>Tipo de papel: Offset 75g<br>Idioma: Portugu\u00eas<\/p>\n","protected":false},"excerpt":{"rendered":"<p>de Marcel Mauss Marcel Mauss (1872-1950), renomado soci\u00f3logo e antrop\u00f3logo franc\u00eas, ficou conhecido por suas contribui\u00e7\u00f5es significativas para o entendimento das pr\u00e1ticas sociais e culturais. Embora n\u00e3o tenha conclu\u00eddo sua tese de doutorado sobre &#8220;A Prece&#8221;, sua obra permanece como um marco fundamental em seus estudos. Publicada de forma privada\u2026<\/p>\n<p class=\"continue-reading-button\"> <a class=\"continue-reading-link\" href=\"https:\/\/antoniofontoura.com.br\/site\/principais-obras\/a-prece\/\">Leia mais<i class=\"crycon-right-dir\"><\/i><\/a><\/p>\n","protected":false},"author":1,"featured_media":0,"parent":42,"menu_order":0,"comment_status":"closed","ping_status":"closed","template":"","meta":[],"_links":{"self":[{"href":"https:\/\/antoniofontoura.com.br\/site\/wp-json\/wp\/v2\/pages\/844"}],"collection":[{"href":"https:\/\/antoniofontoura.com.br\/site\/wp-json\/wp\/v2\/pages"}],"about":[{"href":"https:\/\/antoniofontoura.com.br\/site\/wp-json\/wp\/v2\/types\/page"}],"author":[{"embeddable":true,"href":"https:\/\/antoniofontoura.com.br\/site\/wp-json\/wp\/v2\/users\/1"}],"replies":[{"embeddable":true,"href":"https:\/\/antoniofontoura.com.br\/site\/wp-json\/wp\/v2\/comments?post=844"}],"version-history":[{"count":4,"href":"https:\/\/antoniofontoura.com.br\/site\/wp-json\/wp\/v2\/pages\/844\/revisions"}],"predecessor-version":[{"id":1097,"href":"https:\/\/antoniofontoura.com.br\/site\/wp-json\/wp\/v2\/pages\/844\/revisions\/1097"}],"up":[{"embeddable":true,"href":"https:\/\/antoniofontoura.com.br\/site\/wp-json\/wp\/v2\/pages\/42"}],"wp:attachment":[{"href":"https:\/\/antoniofontoura.com.br\/site\/wp-json\/wp\/v2\/media?parent=844"}],"curies":[{"name":"wp","href":"https:\/\/api.w.org\/{rel}","templated":true}]}}

<h2 class="wp-block-heading">de Marcel Mauss</h2>


<div class="wp-block-image">
<figure class="aligncenter size-full"><img decoding="async" loading="lazy" width="231" height="328" src="https://antoniofontoura.com.br/site/wp-content/uploads/2024/03/capinha_prece_Mauss.jpg" alt="" class="wp-image-845" srcset="https://antoniofontoura.com.br/site/wp-content/uploads/2024/03/capinha_prece_Mauss.jpg 231w, https://antoniofontoura.com.br/site/wp-content/uploads/2024/03/capinha_prece_Mauss-211x300.jpg 211w, https://antoniofontoura.com.br/site/wp-content/uploads/2024/03/capinha_prece_Mauss-106x150.jpg 106w" sizes="(max-width: 231px) 100vw, 231px" /><figcaption class="wp-element-caption"> </figcaption></figure></div>


<div class="wp-block-columns is-layout-flex wp-container-3">
<div class="wp-block-column is-layout-flow"><div class="wp-block-image">
<figure class="aligncenter size-full"><a href="https://clubedeautores.com.br/livro/a-prece"><img decoding="async" loading="lazy" width="74" height="28" src="https://antoniofontoura.com.br/site/wp-content/uploads/2022/10/clube_autores_pq.jpg" alt="" class="wp-image-534"/></a><figcaption class="wp-element-caption">Livro Impresso</figcaption></figure></div></div>



<div class="wp-block-column is-layout-flow"><div class="wp-block-image">
<figure class="aligncenter size-full"><a href="https://www.amazon.com.br/dp/B0CV5J4DTQ"><img decoding="async" loading="lazy" width="68" height="25" src="https://antoniofontoura.com.br/site/wp-content/uploads/2021/11/testeamz.jpg" alt="" class="wp-image-467"/></a><figcaption class="wp-element-caption">Ebook</figcaption></figure></div></div>
</div>



<hr class="wp-block-separator has-alpha-channel-opacity"/>



<p>Marcel Mauss (1872-1950), renomado sociólogo e antropólogo francês, ficou conhecido por suas contribuições significativas para o entendimento das práticas sociais e culturais. Embora não tenha concluído sua tese de doutorado sobre &#8220;A Prece&#8221;, sua obra permanece como um marco fundamental em seus estudos. Publicada de forma privada em 1909, a obra oferece uma análise profunda sobre o fenômeno da oração e suas implicações sociais.</p>



<p>Em &#8220;A Prece&#8221;, Mauss argumenta que a oração vai além de uma prática individual de devoção religiosa, sendo também um ato profundamente enraizado no contexto social. Ele destaca que as formas e os rituais da oração são moldados pelas estruturas sociais, crenças e valores de uma determinada sociedade. Dessa forma, ao invés de ser vista como uma simples comunicação com o divino, a oração é compreendida como uma expressão complexa das relações sociais e da coesão comunitária.</p>



<p>A análise de Mauss sobre a natureza social da oração tem sido de grande interesse para diversas áreas do conhecimento, incluindo a antropologia, a sociologia e a teologia.</p>



<p>Embora &#8220;A Prece&#8221; tenha recebido pouca atenção em comparação com outras obras de Mauss, sua relevância perdura como um texto seminal que continua a influenciar o pensamento acadêmico sobre a religião, a sociedade e a cultura.</p>



<figure class="wp-block-embed is-type-rich is-provider-amazon wp-block-embed-amazon"><div class="wp-block-embed__wrapper">
<iframe loading="lazy" title="A Prece" type="text/html" width="900" height="550" frameborder="0" allowfullscreen style="max-width:100%" src="https://ler.amazon.com.br/kp/card?preview=inline&#038;linkCode=kpd&#038;ref_=k4w_oembed_BOm0sP7ax8koK2&#038;asin=B0CV5J4DTQ&#038;tag=kpembed-20"></iframe>
</div></figure>



<hr class="wp-block-separator has-alpha-channel-opacity"/>



<p>ISBN: 9786501120997<br>Número de páginas: 135<br>Edição: 1 (2024)<br>Formato: A5 (148&#215;210)<br>Acabamento: Brochura c/ orelha<br>Coloração: Preto e branco<br>Tipo de papel: Offset 75g<br>Idioma: Português</p>

<p>de Marcel Mauss Marcel Mauss (1872-1950), renomado sociólogo e antropólogo francês, ficou conhecido por suas contribuições significativas para o entendimento das práticas sociais e culturais. Embora não tenha concluído sua tese de doutorado sobre &#8220;A Prece&#8221;, sua obra permanece como um marco fundamental em seus estudos. Publicada de forma privada…</p>
<p class="continue-reading-button"> <a class="continue-reading-link" href="https://antoniofontoura.com.br/site/principais-obras/a-prece/">Leia mais<i class="crycon-right-dir"></i></a></p>
