{"id":852,"date":"2024-03-29T20:17:43","date_gmt":"2024-03-29T20:17:43","guid":{"rendered":"https:\/\/antoniofontoura.com.br\/site\/?page_id=852"},"modified":"2024-10-31T17:56:07","modified_gmt":"2024-10-31T17:56:07","slug":"triunfo-eucaristico","status":"publish","type":"page","link":"https:\/\/antoniofontoura.com.br\/site\/principais-obras\/triunfo-eucaristico\/","title":{"rendered":"Triunfo Eucar\u00edstico"},"content":{"rendered":"\n<h2 class=\"wp-block-heading\">Sim\u00e3o Ferreira Machado<\/h2>\n\n\n<div class=\"wp-block-image\">\n<figure class=\"aligncenter size-full\"><a href=\"https:\/\/www.amazon.com.br\/dp\/B07QZM3HL9\"><img decoding=\"async\" loading=\"lazy\" width=\"231\" height=\"328\" src=\"https:\/\/antoniofontoura.com.br\/site\/wp-content\/uploads\/2021\/08\/triunfo-capinha.jpg\" alt=\"\" class=\"wp-image-400\" srcset=\"https:\/\/antoniofontoura.com.br\/site\/wp-content\/uploads\/2021\/08\/triunfo-capinha.jpg 231w, https:\/\/antoniofontoura.com.br\/site\/wp-content\/uploads\/2021\/08\/triunfo-capinha-211x300.jpg 211w, https:\/\/antoniofontoura.com.br\/site\/wp-content\/uploads\/2021\/08\/triunfo-capinha-106x150.jpg 106w\" sizes=\"(max-width: 231px) 100vw, 231px\" \/><\/a><figcaption class=\"wp-element-caption\"> <\/figcaption><\/figure><\/div>\n\n<div class=\"wp-block-image\">\n<figure class=\"aligncenter size-full\"><a href=\"https:\/\/www.amazon.com.br\/dp\/B07QZM3HL9\"><img decoding=\"async\" loading=\"lazy\" width=\"68\" height=\"25\" src=\"https:\/\/antoniofontoura.com.br\/site\/wp-content\/uploads\/2021\/11\/testeamz.jpg\" alt=\"\" class=\"wp-image-467\"\/><\/a><\/figure><\/div>\n\n\n<hr class=\"wp-block-separator has-alpha-channel-opacity\"\/>\n\n\n\n<p>Em Vila Rica, em 24 de maio de 1733, ocorreu a traslada\u00e7\u00e3o do Sant\u00edssimo Sacramento da Igreja de Nossa Senhora do Ros\u00e1rio dos Pretos, onde estava sendo temporariamente mantido, para a Matriz de Nossa Senhora do Pilar, cujas obras de amplia\u00e7\u00e3o haviam sido conclu\u00eddas. Acreditando ser uma oportunidade para a express\u00e3o da f\u00e9 p\u00fablica, as diferentes irmandades de Vila Rica organizaram uma rica prociss\u00e3o que objetivava se apresentar enquanto um \u201cexemplar da Cristandade Lusitana\u201d n\u00e3o apenas para os moradores das Minas Gerais, mas tamb\u00e9m aos metropolitanos portugueses, aos crist\u00e3os de todo mundo e, mesmo, aos pag\u00e3os.<\/p>\n\n\n\n<p>Por v\u00e1rios dias antecedida e sucedida por apresenta\u00e7\u00f5es de teatro, desfiles, jogos, m\u00fasicas e dan\u00e7as, a prociss\u00e3o visava expressar a grandeza da f\u00e9 aliando-a \u00e0s riquezas da terra: ouro, diamantes, p\u00e9rolas, tecidos finos, decoravam cada uma das ricas vestimentas dos participantes, dos paramentos dos cavalos, dos adornos e est\u00e1tuas de santos; as ruas foram decoradas com arcos e flores enquanto m\u00fasicos e cantores acompanhavam, em carro ou a p\u00e9, cada um dos andores e das imagens religiosas. Cada uma das irmandades religiosas tendo expressar a devo\u00e7\u00e3o de seus membros por meio da suntuosidade das vestimentas e paramentos.<\/p>\n\n\n\n<p>O Triunfo Eucar\u00edstico, como acabou conhecida a prociss\u00e3o, apresenta-se neste texto de Sim\u00e3o Ferreira Machado enquanto tanto enquanto uma representa\u00e7\u00e3o da sociedade mineira barroca quanto uma singular oportunidade.<\/p>\n\n\n\n<p>Uma auto representa\u00e7\u00e3o: tem sido bastante comum os estudos hist\u00f3ricos sobre o Triunfo Eucar\u00edstico enquanto uma determinada express\u00e3o da estrutura e das diferen\u00e7as sociais da regi\u00e3o das minas por meio deste desfile. A particular disposi\u00e7\u00e3o dos diferentes personagens, bem como a espec\u00edfica descri\u00e7\u00e3o de seus membros, roupas e adere\u00e7os, \u00e9 sem d\u00favida uma alegoria da pr\u00f3pria estrutura social de Vila Rica, e uma alegoria das rela\u00e7\u00f5es em que a not\u00e1vel riqueza produzida pelo ouro e diamantes se aliava aos poderes religioso e pol\u00edtico.<\/p>\n\n\n\n<p>Mais do que isso, por\u00e9m, o Triunfo Eucar\u00edstico se apresenta enquanto uma auto representa\u00e7\u00e3o da posi\u00e7\u00e3o daquela sociedade no universo como um todo, de um ponto de vista tanto f\u00edsico quanto religioso, e da espec\u00edfica l\u00f3gica interna de seus elementos. A riqueza do ouro, a religiosidade do povo portugu\u00eas e, particularmente, daquele que desfilava em Vila Rica, suas rela\u00e7\u00f5es com os poderes pol\u00edtico e militar e, mesmo, seus diferentes contatos com planetas, ventos, estrelas \u2013 que tamb\u00e9m s\u00e3o apresentados no desfile \u2013 parecem demonstrar que o Triunfo Eucar\u00edstico, ainda que seja efetivamente uma alegoria da estrutura social era, tamb\u00e9m, uma complexa representa\u00e7\u00e3o visual de como aquela sociedade (ou, pelo menos, os membros de sua elite) se viam dentro do universo como um todo.<\/p>\n\n\n\n<p>Mas o Triunfo Eucar\u00edstico \u00e9, tamb\u00e9m, uma oportunidade: ainda que em um momento de especial celebra\u00e7\u00e3o, o cuidado nas descri\u00e7\u00f5es de cada um dos movimentos e participantes da prociss\u00e3o nos revela um pequeno instant\u00e2neo do cotidiano da realidade dos moradores de Vila Rica. Como dificilmente acontece com documentos hist\u00f3ricos, temos oportunidade de entrar em contato, ainda que de maneira t\u00eanue, com sons e cheiros, m\u00fasicas e vestimentas, al\u00e9m de express\u00f5es art\u00edsticas e divers\u00f5es p\u00fablicas que mais dificilmente conseguimos recuperar do passado a partir de documentos hist\u00f3ricos. \u00c9 uma oportunidade, assim, para entrarmos em contato um pouco mais \u00edntimo com o que os habitantes de Vila Rica, em 1733, achavam belo e divertido; cheiroso e musical; engra\u00e7ado e espantoso.<\/p>\n\n\n\n<p>Por alguma raz\u00e3o, este not\u00e1vel documento, por mais estudado que seja, n\u00e3o era facilmente encontrado, muito menos em edi\u00e7\u00f5es eletr\u00f4nicas. Esperamos que essa edi\u00e7\u00e3o suplante essa defici\u00eancia.<\/p>\n\n\n\n<figure class=\"wp-block-embed is-type-rich is-provider-amazon wp-block-embed-amazon\"><div class=\"wp-block-embed__wrapper\">\n<iframe loading=\"lazy\" title=\"Triunfo Eucar\u00edstico: Exemplar da Cristandade Lusitana\" type=\"text\/html\" width=\"900\" height=\"550\" frameborder=\"0\" allowfullscreen style=\"max-width:100%\" src=\"https:\/\/ler.amazon.com.br\/kp\/card?preview=inline&#038;linkCode=kpd&#038;ref_=k4w_oembed_UkFHcBwbHTf8MD&#038;asin=B07QZM3HL9&#038;tag=kpembed-20\"><\/iframe>\n<\/div><\/figure>\n\n\n\n<hr class=\"wp-block-separator has-alpha-channel-opacity\"\/>\n\n\n\n<p>Idioma \u200f : \u200e Portugu\u00eas<br>Tamanho do arquivo \u200f : \u200e 1394 KB<br>Quantidade de dispositivos em que \u00e9 poss\u00edvel ler este eBook ao mesmo tempo \u200f : \u200e Ilimitado<br>Leitura de texto \u200f : \u200e Habilitado<br>Leitor de tela \u200f : \u200e Compat\u00edvel<br>Configura\u00e7\u00e3o de fonte \u200f : \u200e Habilitado<\/p>\n","protected":false},"excerpt":{"rendered":"<p>Sim\u00e3o Ferreira Machado Em Vila Rica, em 24 de maio de 1733, ocorreu a traslada\u00e7\u00e3o do Sant\u00edssimo Sacramento da Igreja de Nossa Senhora do Ros\u00e1rio dos Pretos, onde estava sendo temporariamente mantido, para a Matriz de Nossa Senhora do Pilar, cujas obras de amplia\u00e7\u00e3o haviam sido conclu\u00eddas. Acreditando ser uma\u2026<\/p>\n<p class=\"continue-reading-button\"> <a class=\"continue-reading-link\" href=\"https:\/\/antoniofontoura.com.br\/site\/principais-obras\/triunfo-eucaristico\/\">Leia mais<i class=\"crycon-right-dir\"><\/i><\/a><\/p>\n","protected":false},"author":1,"featured_media":0,"parent":42,"menu_order":0,"comment_status":"closed","ping_status":"closed","template":"","meta":[],"_links":{"self":[{"href":"https:\/\/antoniofontoura.com.br\/site\/wp-json\/wp\/v2\/pages\/852"}],"collection":[{"href":"https:\/\/antoniofontoura.com.br\/site\/wp-json\/wp\/v2\/pages"}],"about":[{"href":"https:\/\/antoniofontoura.com.br\/site\/wp-json\/wp\/v2\/types\/page"}],"author":[{"embeddable":true,"href":"https:\/\/antoniofontoura.com.br\/site\/wp-json\/wp\/v2\/users\/1"}],"replies":[{"embeddable":true,"href":"https:\/\/antoniofontoura.com.br\/site\/wp-json\/wp\/v2\/comments?post=852"}],"version-history":[{"count":2,"href":"https:\/\/antoniofontoura.com.br\/site\/wp-json\/wp\/v2\/pages\/852\/revisions"}],"predecessor-version":[{"id":1147,"href":"https:\/\/antoniofontoura.com.br\/site\/wp-json\/wp\/v2\/pages\/852\/revisions\/1147"}],"up":[{"embeddable":true,"href":"https:\/\/antoniofontoura.com.br\/site\/wp-json\/wp\/v2\/pages\/42"}],"wp:attachment":[{"href":"https:\/\/antoniofontoura.com.br\/site\/wp-json\/wp\/v2\/media?parent=852"}],"curies":[{"name":"wp","href":"https:\/\/api.w.org\/{rel}","templated":true}]}}

Triunfo Eucarístico

<h2 class="wp-block-heading">Simão Ferreira Machado</h2>


<div class="wp-block-image">
<figure class="aligncenter size-full"><a href="https://www.amazon.com.br/dp/B07QZM3HL9"><img decoding="async" loading="lazy" width="231" height="328" src="https://antoniofontoura.com.br/site/wp-content/uploads/2021/08/triunfo-capinha.jpg" alt="" class="wp-image-400" srcset="https://antoniofontoura.com.br/site/wp-content/uploads/2021/08/triunfo-capinha.jpg 231w, https://antoniofontoura.com.br/site/wp-content/uploads/2021/08/triunfo-capinha-211x300.jpg 211w, https://antoniofontoura.com.br/site/wp-content/uploads/2021/08/triunfo-capinha-106x150.jpg 106w" sizes="(max-width: 231px) 100vw, 231px" /></a><figcaption class="wp-element-caption"> </figcaption></figure></div>

<div class="wp-block-image">
<figure class="aligncenter size-full"><a href="https://www.amazon.com.br/dp/B07QZM3HL9"><img decoding="async" loading="lazy" width="68" height="25" src="https://antoniofontoura.com.br/site/wp-content/uploads/2021/11/testeamz.jpg" alt="" class="wp-image-467"/></a></figure></div>


<hr class="wp-block-separator has-alpha-channel-opacity"/>



<p>Em Vila Rica, em 24 de maio de 1733, ocorreu a trasladação do Santíssimo Sacramento da Igreja de Nossa Senhora do Rosário dos Pretos, onde estava sendo temporariamente mantido, para a Matriz de Nossa Senhora do Pilar, cujas obras de ampliação haviam sido concluídas. Acreditando ser uma oportunidade para a expressão da fé pública, as diferentes irmandades de Vila Rica organizaram uma rica procissão que objetivava se apresentar enquanto um “exemplar da Cristandade Lusitana” não apenas para os moradores das Minas Gerais, mas também aos metropolitanos portugueses, aos cristãos de todo mundo e, mesmo, aos pagãos.</p>



<p>Por vários dias antecedida e sucedida por apresentações de teatro, desfiles, jogos, músicas e danças, a procissão visava expressar a grandeza da fé aliando-a às riquezas da terra: ouro, diamantes, pérolas, tecidos finos, decoravam cada uma das ricas vestimentas dos participantes, dos paramentos dos cavalos, dos adornos e estátuas de santos; as ruas foram decoradas com arcos e flores enquanto músicos e cantores acompanhavam, em carro ou a pé, cada um dos andores e das imagens religiosas. Cada uma das irmandades religiosas tendo expressar a devoção de seus membros por meio da suntuosidade das vestimentas e paramentos.</p>



<p>O Triunfo Eucarístico, como acabou conhecida a procissão, apresenta-se neste texto de Simão Ferreira Machado enquanto tanto enquanto uma representação da sociedade mineira barroca quanto uma singular oportunidade.</p>



<p>Uma auto representação: tem sido bastante comum os estudos históricos sobre o Triunfo Eucarístico enquanto uma determinada expressão da estrutura e das diferenças sociais da região das minas por meio deste desfile. A particular disposição dos diferentes personagens, bem como a específica descrição de seus membros, roupas e adereços, é sem dúvida uma alegoria da própria estrutura social de Vila Rica, e uma alegoria das relações em que a notável riqueza produzida pelo ouro e diamantes se aliava aos poderes religioso e político.</p>



<p>Mais do que isso, porém, o Triunfo Eucarístico se apresenta enquanto uma auto representação da posição daquela sociedade no universo como um todo, de um ponto de vista tanto físico quanto religioso, e da específica lógica interna de seus elementos. A riqueza do ouro, a religiosidade do povo português e, particularmente, daquele que desfilava em Vila Rica, suas relações com os poderes político e militar e, mesmo, seus diferentes contatos com planetas, ventos, estrelas – que também são apresentados no desfile – parecem demonstrar que o Triunfo Eucarístico, ainda que seja efetivamente uma alegoria da estrutura social era, também, uma complexa representação visual de como aquela sociedade (ou, pelo menos, os membros de sua elite) se viam dentro do universo como um todo.</p>



<p>Mas o Triunfo Eucarístico é, também, uma oportunidade: ainda que em um momento de especial celebração, o cuidado nas descrições de cada um dos movimentos e participantes da procissão nos revela um pequeno instantâneo do cotidiano da realidade dos moradores de Vila Rica. Como dificilmente acontece com documentos históricos, temos oportunidade de entrar em contato, ainda que de maneira tênue, com sons e cheiros, músicas e vestimentas, além de expressões artísticas e diversões públicas que mais dificilmente conseguimos recuperar do passado a partir de documentos históricos. É uma oportunidade, assim, para entrarmos em contato um pouco mais íntimo com o que os habitantes de Vila Rica, em 1733, achavam belo e divertido; cheiroso e musical; engraçado e espantoso.</p>



<p>Por alguma razão, este notável documento, por mais estudado que seja, não era facilmente encontrado, muito menos em edições eletrônicas. Esperamos que essa edição suplante essa deficiência.</p>



<figure class="wp-block-embed is-type-rich is-provider-amazon wp-block-embed-amazon"><div class="wp-block-embed__wrapper">
<iframe loading="lazy" title="Triunfo Eucarístico: Exemplar da Cristandade Lusitana" type="text/html" width="900" height="550" frameborder="0" allowfullscreen style="max-width:100%" src="https://ler.amazon.com.br/kp/card?preview=inline&#038;linkCode=kpd&#038;ref_=k4w_oembed_UkFHcBwbHTf8MD&#038;asin=B07QZM3HL9&#038;tag=kpembed-20"></iframe>
</div></figure>



<hr class="wp-block-separator has-alpha-channel-opacity"/>



<p>Idioma ‏ : ‎ Português<br>Tamanho do arquivo ‏ : ‎ 1394 KB<br>Quantidade de dispositivos em que é possível ler este eBook ao mesmo tempo ‏ : ‎ Ilimitado<br>Leitura de texto ‏ : ‎ Habilitado<br>Leitor de tela ‏ : ‎ Compatível<br>Configuração de fonte ‏ : ‎ Habilitado</p>

<p>Simão Ferreira Machado Em Vila Rica, em 24 de maio de 1733, ocorreu a trasladação do Santíssimo Sacramento da Igreja de Nossa Senhora do Rosário dos Pretos, onde estava sendo temporariamente mantido, para a Matriz de Nossa Senhora do Pilar, cujas obras de ampliação haviam sido concluídas. Acreditando ser uma…</p>
<p class="continue-reading-button"> <a class="continue-reading-link" href="https://antoniofontoura.com.br/site/principais-obras/triunfo-eucaristico/">Leia mais<i class="crycon-right-dir"></i></a></p>
